{"id":9940,"date":"2025-02-17T19:29:32","date_gmt":"2025-02-17T19:29:32","guid":{"rendered":"http:\/\/isikdemir.com.tr\/?page_id=9940"},"modified":"2025-03-08T23:42:28","modified_gmt":"2025-03-08T23:42:28","slug":"siparisformu","status":"publish","type":"page","link":"https:\/\/isikdemir.com.tr\/index.php\/siparisformu\/","title":{"rendered":"DOSYA EKLE"},"content":{"rendered":"\t\t<div data-elementor-type=\"wp-page\" data-elementor-id=\"9940\" class=\"elementor elementor-9940\">\n\t\t\t\t        <section class=\"elementor-section elementor-top-section elementor-element elementor-element-1d296090 elementor-section-boxed elementor-section-height-default elementor-section-height-default ct-header-fixed-none ct-row-max-none\" data-id=\"1d296090\" data-element_type=\"section\">\n            \n                        <div class=\"elementor-container elementor-column-gap-extended \">\n                    <div class=\"elementor-column elementor-col-100 elementor-top-column elementor-element elementor-element-54cc684b\" data-id=\"54cc684b\" data-element_type=\"column\">\n        <div class=\"elementor-widget-wrap elementor-element-populated\">\n                    \n        \t\t<div class=\"elementor-element elementor-element-5ae9e0b1 elementor-widget elementor-widget-ct_title\" data-id=\"5ae9e0b1\" data-element_type=\"widget\" data-widget_type=\"ct_title.default\">\n\t\t\t\t<div class=\"elementor-widget-container\">\n\t\t\t\t\t<div class=\"ct-title1 style2\">\r\n    <h3>\r\n    \t\t        <span>H\u0131zl\u0131 Teklif Al, Projeni Ba\u015flat!<\/span>\r\n\t        <i><\/i>\r\n\t        <\/h3>\r\n<\/div>\t\t\t\t<\/div>\n\t\t\t\t<\/div>\n\t\t\t\t<div class=\"elementor-element elementor-element-11924287 elementor-widget elementor-widget-text-editor\" data-id=\"11924287\" data-element_type=\"widget\" data-widget_type=\"text-editor.default\">\n\t\t\t\t\t\t\t\t\t<p>Profesyonel \u00e7\u00f6z\u00fcmler i\u00e7in formu doldur, dosyan\u0131 y\u00fckle (<em>PDF, DOC, JPEG, PNG<\/em>),\u00a0<strong>24 saat i\u00e7inde<\/strong> \u00f6zel teklifinle birlikte yapal\u0131m.\u0130htiyac\u0131n olan her ad\u0131mda yan\u0131nday\u0131z!<br \/><strong>Formu Doldur<\/strong>: Ad, ileti\u015fim ve proje detaylar\u0131n\u0131 gir.<br \/><strong>Dosya Y\u00fckle<\/strong>: Destekleyici belgelerini ekle (<em>max 2MB<\/em>).<br \/><strong>G\u00f6nder<\/strong>: Uzman ekibimiz en k\u0131sa s\u00fcrede seninle ileti\u015fime ge\u00e7sin!<br \/>Hayal etti\u011fin projeyi ger\u00e7e\u011fe d\u00f6n\u00fc\u015ft\u00fcrmek i\u00e7in tek yapman gereken &#8220;G\u00f6nder&#8221;e t\u0131klamak!\u00a0<\/p>\t\t\t\t\t\t\t\t<\/div>\n\t\t\t\t<div class=\"elementor-element elementor-element-6f3ef948 elementor-widget elementor-widget-ct_title\" data-id=\"6f3ef948\" data-element_type=\"widget\" data-widget_type=\"ct_title.default\">\n\t\t\t\t<div class=\"elementor-widget-container\">\n\t\t\t\t\t<div class=\"ct-title1 style2\">\r\n    <h3>\r\n    \t\t        <span>Sipari\u015f Formu<\/span>\r\n\t        <i><\/i>\r\n\t        <\/h3>\r\n<\/div>\t\t\t\t<\/div>\n\t\t\t\t<\/div>\n\t\t\t\t<div class=\"elementor-element elementor-element-37ebbdf3 elementor-widget elementor-widget-ct_ctf7\" data-id=\"37ebbdf3\" data-element_type=\"widget\" data-widget_type=\"ct_ctf7.default\">\n\t\t\t\t<div class=\"elementor-widget-container\">\n\t\t\t\t\t    <div class=\"ct-contact-form-layout1 style8 wow pulse\">\r\n                <div class=\"ct-contact-form-inner\">\r\n        \t            <div class=\"ct-contact-form\">\r\n                \n<div class=\"wpcf7 no-js\" id=\"wpcf7-f1615-o1\" lang=\"en-US\" dir=\"ltr\" data-wpcf7-id=\"1615\">\n<div class=\"screen-reader-response\"><p role=\"status\" aria-live=\"polite\" aria-atomic=\"true\"><\/p> <ul><\/ul><\/div>\n<form action=\"\/index.php\/wp-json\/wp\/v2\/pages\/9940#wpcf7-f1615-o1\" method=\"post\" class=\"wpcf7-form init cf7mls-no-scroll cf7mls-auto-return-first-step cf7mls-no-moving-animation\" aria-label=\"Contact form\" enctype=\"multipart\/form-data\" novalidate=\"novalidate\" data-status=\"init\">\n<div style=\"display: none;\">\n<input type=\"hidden\" name=\"_wpcf7\" value=\"1615\" \/>\n<input type=\"hidden\" name=\"_wpcf7_version\" value=\"6.0.1\" \/>\n<input type=\"hidden\" name=\"_wpcf7_locale\" value=\"en_US\" \/>\n<input type=\"hidden\" name=\"_wpcf7_unit_tag\" value=\"wpcf7-f1615-o1\" \/>\n<input type=\"hidden\" name=\"_wpcf7_container_post\" value=\"0\" \/>\n<input type=\"hidden\" name=\"_wpcf7_posted_data_hash\" value=\"\" \/>\n<\/div>\n<div class=\"row\">\n\t<div class=\"input-filled col-lg-6 col-md-6\">\n\t\t<p><label>Ad Soyad*<\/label><br \/>\n<span class=\"wpcf7-form-control-wrap\" data-name=\"ad-soyad\"><input size=\"40\" maxlength=\"400\" class=\"wpcf7-form-control wpcf7-text wpcf7-validates-as-required\" aria-required=\"true\" aria-invalid=\"false\" placeholder=\"Ad\u0131n\u0131z\u0131 Soyad\u0131n\u0131z\u0131 Yaz\u0131n\u0131z\" value=\"\" type=\"text\" name=\"ad-soyad\" \/><\/span>\n\t\t<\/p>\n\t<\/div>\n\t<div class=\"input-filled col-lg-6 col-md-6\">\n\t\t<p><label>Telefon Numaras\u0131*<\/label><br \/>\n<span class=\"wpcf7-form-control-wrap\" data-name=\"telefon\"><input size=\"40\" maxlength=\"400\" class=\"wpcf7-form-control wpcf7-text wpcf7-validates-as-required\" aria-required=\"true\" aria-invalid=\"false\" placeholder=\"Telefon Numaran\u0131z\u0131 Yaz\u0131n\u0131z\" value=\"\" type=\"text\" name=\"telefon\" \/><\/span>\n\t\t<\/p>\n\t<\/div>\n<\/div>\n<div class=\"row\">\n\t<div class=\"input-filled col-lg-6 col-md-6\">\n\t\t<p><label>Konu*<\/label><br \/>\n<span class=\"wpcf7-form-control-wrap\" data-name=\"konu\"><input size=\"40\" maxlength=\"400\" class=\"wpcf7-form-control wpcf7-text wpcf7-validates-as-required\" aria-required=\"true\" aria-invalid=\"false\" placeholder=\"Teklif Almak \u0130stedi\u011finiz Konuyu Yaz\u0131n\u0131z\" value=\"\" type=\"text\" name=\"konu\" \/><\/span>\n\t\t<\/p>\n\t<\/div>\n\t<div class=\"input-filled col-lg-6 col-md-6\">\n\t\t<p><label>Mail Adresiniz*<\/label><br \/>\n<span class=\"wpcf7-form-control-wrap\" data-name=\"mail-adresiniz\"><input size=\"40\" maxlength=\"400\" class=\"wpcf7-form-control wpcf7-email wpcf7-validates-as-required wpcf7-text wpcf7-validates-as-email\" aria-required=\"true\" aria-invalid=\"false\" placeholder=\"E-mail Adresinizi Yaz\u0131n\u0131z\" value=\"\" type=\"email\" name=\"mail-adresiniz\" \/><\/span>\n\t\t<\/p>\n\t<\/div>\n<\/div>\n<div class=\"row\">\n\t<div class=\"input-filled col-12\">\n\t\t<p><label>Dosya Y\u00fckle (PDF, DOC, JPEG, PNG):<\/label><br \/>\n<span class=\"wpcf7-form-control-wrap\" data-name=\"your-file\"><input size=\"40\" class=\"wpcf7-form-control wpcf7-file wpcf7-validates-as-required\" accept=\".pdf,.doc,.docx,.jpg,.jpeg,.png\" aria-required=\"true\" aria-invalid=\"false\" type=\"file\" name=\"your-file\" \/><\/span>\n\t\t<\/p>\n\t<\/div>\n\t<div class=\"input-filled col-12\">\n\t\t<p><input class=\"wpcf7-form-control wpcf7-submit has-spinner btn\" type=\"submit\" value=\"G\u00d6NDER\" \/>\n\t\t<\/p>\n\t<\/div>\n<\/div><p style=\"display: none !important;\" class=\"akismet-fields-container\" data-prefix=\"_wpcf7_ak_\"><label>&#916;<textarea name=\"_wpcf7_ak_hp_textarea\" cols=\"45\" rows=\"8\" maxlength=\"100\"><\/textarea><\/label><input type=\"hidden\" id=\"ak_js_1\" name=\"_wpcf7_ak_js\" value=\"172\"\/><script>document.getElementById( \"ak_js_1\" ).setAttribute( \"value\", ( new Date() ).getTime() );<\/script><\/p><input type='hidden' class='wpcf7-pum' value='{\"closepopup\":false,\"closedelay\":0,\"openpopup\":false,\"openpopup_id\":0}' \/><div class=\"wpcf7-response-output\" aria-hidden=\"true\"><\/div>\n<\/form>\n<\/div>\n            <\/div>\r\n        <\/div>\r\n            <\/div>\r\n\t\t\t\t<\/div>\n\t\t\t\t<\/div>\n\t\t            <\/div>\n        <\/div>\n                    <\/div>\n        <\/section>\n        \t\t<\/div>\n\t\t","protected":false},"excerpt":{"rendered":"<p>H\u0131zl\u0131 Teklif Al, Projeni Ba\u015flat! Profesyonel \u00e7\u00f6z\u00fcmler i\u00e7in formu doldur, dosyan\u0131 y\u00fckle (PDF, DOC, JPEG, PNG),\u00a024 saat i\u00e7inde \u00f6zel teklifinle birlikte yapal\u0131m.\u0130htiyac\u0131n olan her ad\u0131mda yan\u0131nday\u0131z! Formu Doldur: Ad, ileti\u015fim ve proje detaylar\u0131n\u0131 gir. Dosya Y\u00fckle: Destekleyici belgelerini ekle (max 2MB). G\u00f6nder: Uzman ekibimiz en k\u0131sa s\u00fcrede seninle ileti\u015fime ge\u00e7sin! Hayal etti\u011fin projeyi ger\u00e7e\u011fe d\u00f6n\u00fc\u015ft\u00fcrmek [&hellip;]<\/p>\n","protected":false},"author":1,"featured_media":0,"parent":0,"menu_order":0,"comment_status":"closed","ping_status":"closed","template":"","meta":{"footnotes":""},"class_list":["post-9940","page","type-page","status-publish","hentry"],"yoast_head":"<!-- This site is optimized with the Yoast SEO plugin v24.3 - https:\/\/yoast.com\/wordpress\/plugins\/seo\/ -->\r\n<title>DOSYA EKLE - I\u015eIK DEM\u0130R<\/title>\r\n<meta name=\"description\" content=\"H\u0131zl\u0131 Teklif Al, Projeni Ba\u015flat!Profesyonel \u00e7\u00f6z\u00fcmler i\u00e7in formu doldur, dosyan\u0131 y\u00fckle (PDF, DOC, JPEG, PNG), 24 saat i\u00e7inde \u00f6zel teklifinle birlikte yapal\u0131m.\u0130htiyac\u0131n olan her ad\u0131mda yan\u0131nday\u0131z!\" \/>\r\n<meta name=\"robots\" content=\"index, follow, max-snippet:-1, max-image-preview:large, max-video-preview:-1\" \/>\r\n<link rel=\"canonical\" href=\"https:\/\/isikdemir.com.tr\/index.php\/siparisformu\/\" \/>\r\n<meta property=\"og:locale\" content=\"tr_TR\" \/>\r\n<meta property=\"og:type\" content=\"article\" \/>\r\n<meta property=\"og:title\" content=\"DOSYA EKLE - I\u015eIK DEM\u0130R\" \/>\r\n<meta property=\"og:description\" content=\"H\u0131zl\u0131 Teklif Al, Projeni Ba\u015flat!Profesyonel \u00e7\u00f6z\u00fcmler i\u00e7in formu doldur, dosyan\u0131 y\u00fckle (PDF, DOC, JPEG, PNG), 24 saat i\u00e7inde \u00f6zel teklifinle birlikte yapal\u0131m.\u0130htiyac\u0131n olan her ad\u0131mda yan\u0131nday\u0131z!\" \/>\r\n<meta property=\"og:url\" content=\"https:\/\/isikdemir.com.tr\/index.php\/siparisformu\/\" \/>\r\n<meta property=\"og:site_name\" content=\"I\u015eIK DEM\u0130R\" \/>\r\n<meta property=\"article:publisher\" content=\"https:\/\/www.facebook.com\/p\/Ik-Demir-100092820544779\/?locale=tr_TR\" \/>\r\n<meta property=\"article:modified_time\" content=\"2025-03-08T23:42:28+00:00\" \/>\r\n<meta name=\"twitter:card\" content=\"summary_large_image\" \/>\r\n<meta name=\"twitter:label1\" content=\"Tahmini okuma s\u00fcresi\" \/>\n\t<meta name=\"twitter:data1\" content=\"1 dakika\" \/>\r\n<script type=\"application\/ld+json\" class=\"yoast-schema-graph\">{\"@context\":\"https:\/\/schema.org\",\"@graph\":[{\"@type\":\"WebPage\",\"@id\":\"https:\/\/isikdemir.com.tr\/index.php\/siparisformu\/\",\"url\":\"https:\/\/isikdemir.com.tr\/index.php\/siparisformu\/\",\"name\":\"DOSYA EKLE - I\u015eIK DEM\u0130R\",\"isPartOf\":{\"@id\":\"https:\/\/isikdemir.com.tr\/#website\"},\"datePublished\":\"2025-02-17T19:29:32+00:00\",\"dateModified\":\"2025-03-08T23:42:28+00:00\",\"description\":\"H\u0131zl\u0131 Teklif Al, Projeni Ba\u015flat!Profesyonel \u00e7\u00f6z\u00fcmler i\u00e7in formu doldur, dosyan\u0131 y\u00fckle (PDF, DOC, JPEG, PNG), 24 saat i\u00e7inde \u00f6zel teklifinle birlikte yapal\u0131m.\u0130htiyac\u0131n olan her ad\u0131mda yan\u0131nday\u0131z!\",\"breadcrumb\":{\"@id\":\"https:\/\/isikdemir.com.tr\/index.php\/siparisformu\/#breadcrumb\"},\"inLanguage\":\"tr\",\"potentialAction\":[{\"@type\":\"ReadAction\",\"target\":[\"https:\/\/isikdemir.com.tr\/index.php\/siparisformu\/\"]}]},{\"@type\":\"BreadcrumbList\",\"@id\":\"https:\/\/isikdemir.com.tr\/index.php\/siparisformu\/#breadcrumb\",\"itemListElement\":[{\"@type\":\"ListItem\",\"position\":1,\"name\":\"Anasayfa\",\"item\":\"https:\/\/isikdemir.com.tr\/\"},{\"@type\":\"ListItem\",\"position\":2,\"name\":\"DOSYA EKLE\"}]},{\"@type\":\"WebSite\",\"@id\":\"https:\/\/isikdemir.com.tr\/#website\",\"url\":\"https:\/\/isikdemir.com.tr\/\",\"name\":\"I\u015eIK BORU PROF\u0130L\",\"description\":\"I\u015eIK BORU PROF\u0130L\",\"publisher\":{\"@id\":\"https:\/\/isikdemir.com.tr\/#organization\"},\"potentialAction\":[{\"@type\":\"SearchAction\",\"target\":{\"@type\":\"EntryPoint\",\"urlTemplate\":\"https:\/\/isikdemir.com.tr\/?s={search_term_string}\"},\"query-input\":{\"@type\":\"PropertyValueSpecification\",\"valueRequired\":true,\"valueName\":\"search_term_string\"}}],\"inLanguage\":\"tr\"},{\"@type\":\"Organization\",\"@id\":\"https:\/\/isikdemir.com.tr\/#organization\",\"name\":\"I\u015eIK BORU PROF\u0130L\",\"url\":\"https:\/\/isikdemir.com.tr\/\",\"logo\":{\"@type\":\"ImageObject\",\"inLanguage\":\"tr\",\"@id\":\"https:\/\/isikdemir.com.tr\/#\/schema\/logo\/image\/\",\"url\":\"https:\/\/isikdemir.com.tr\/wp-content\/uploads\/2020\/02\/logo.png\",\"contentUrl\":\"https:\/\/isikdemir.com.tr\/wp-content\/uploads\/2020\/02\/logo.png\",\"width\":300,\"height\":57,\"caption\":\"I\u015eIK BORU PROF\u0130L\"},\"image\":{\"@id\":\"https:\/\/isikdemir.com.tr\/#\/schema\/logo\/image\/\"},\"sameAs\":[\"https:\/\/www.facebook.com\/p\/Ik-Demir-100092820544779\/?locale=tr_TR\"]}]}<\/script>\r\n<!-- \/ Yoast SEO plugin. -->","yoast_head_json":{"title":"DOSYA EKLE - I\u015eIK DEM\u0130R","description":"H\u0131zl\u0131 Teklif Al, Projeni Ba\u015flat!Profesyonel \u00e7\u00f6z\u00fcmler i\u00e7in formu doldur, dosyan\u0131 y\u00fckle (PDF, DOC, JPEG, PNG), 24 saat i\u00e7inde \u00f6zel teklifinle birlikte yapal\u0131m.\u0130htiyac\u0131n olan her ad\u0131mda yan\u0131nday\u0131z!","robots":{"index":"index","follow":"follow","max-snippet":"max-snippet:-1","max-image-preview":"max-image-preview:large","max-video-preview":"max-video-preview:-1"},"canonical":"https:\/\/isikdemir.com.tr\/index.php\/siparisformu\/","og_locale":"tr_TR","og_type":"article","og_title":"DOSYA EKLE - I\u015eIK DEM\u0130R","og_description":"H\u0131zl\u0131 Teklif Al, Projeni Ba\u015flat!Profesyonel \u00e7\u00f6z\u00fcmler i\u00e7in formu doldur, dosyan\u0131 y\u00fckle (PDF, DOC, JPEG, PNG), 24 saat i\u00e7inde \u00f6zel teklifinle birlikte yapal\u0131m.\u0130htiyac\u0131n olan her ad\u0131mda yan\u0131nday\u0131z!","og_url":"https:\/\/isikdemir.com.tr\/index.php\/siparisformu\/","og_site_name":"I\u015eIK DEM\u0130R","article_publisher":"https:\/\/www.facebook.com\/p\/Ik-Demir-100092820544779\/?locale=tr_TR","article_modified_time":"2025-03-08T23:42:28+00:00","twitter_card":"summary_large_image","twitter_misc":{"Tahmini okuma s\u00fcresi":"1 dakika"},"schema":{"@context":"https:\/\/schema.org","@graph":[{"@type":"WebPage","@id":"https:\/\/isikdemir.com.tr\/index.php\/siparisformu\/","url":"https:\/\/isikdemir.com.tr\/index.php\/siparisformu\/","name":"DOSYA EKLE - I\u015eIK DEM\u0130R","isPartOf":{"@id":"https:\/\/isikdemir.com.tr\/#website"},"datePublished":"2025-02-17T19:29:32+00:00","dateModified":"2025-03-08T23:42:28+00:00","description":"H\u0131zl\u0131 Teklif Al, Projeni Ba\u015flat!Profesyonel \u00e7\u00f6z\u00fcmler i\u00e7in formu doldur, dosyan\u0131 y\u00fckle (PDF, DOC, JPEG, PNG), 24 saat i\u00e7inde \u00f6zel teklifinle birlikte yapal\u0131m.\u0130htiyac\u0131n olan her ad\u0131mda yan\u0131nday\u0131z!","breadcrumb":{"@id":"https:\/\/isikdemir.com.tr\/index.php\/siparisformu\/#breadcrumb"},"inLanguage":"tr","potentialAction":[{"@type":"ReadAction","target":["https:\/\/isikdemir.com.tr\/index.php\/siparisformu\/"]}]},{"@type":"BreadcrumbList","@id":"https:\/\/isikdemir.com.tr\/index.php\/siparisformu\/#breadcrumb","itemListElement":[{"@type":"ListItem","position":1,"name":"Anasayfa","item":"https:\/\/isikdemir.com.tr\/"},{"@type":"ListItem","position":2,"name":"DOSYA EKLE"}]},{"@type":"WebSite","@id":"https:\/\/isikdemir.com.tr\/#website","url":"https:\/\/isikdemir.com.tr\/","name":"I\u015eIK BORU PROF\u0130L","description":"I\u015eIK BORU PROF\u0130L","publisher":{"@id":"https:\/\/isikdemir.com.tr\/#organization"},"potentialAction":[{"@type":"SearchAction","target":{"@type":"EntryPoint","urlTemplate":"https:\/\/isikdemir.com.tr\/?s={search_term_string}"},"query-input":{"@type":"PropertyValueSpecification","valueRequired":true,"valueName":"search_term_string"}}],"inLanguage":"tr"},{"@type":"Organization","@id":"https:\/\/isikdemir.com.tr\/#organization","name":"I\u015eIK BORU PROF\u0130L","url":"https:\/\/isikdemir.com.tr\/","logo":{"@type":"ImageObject","inLanguage":"tr","@id":"https:\/\/isikdemir.com.tr\/#\/schema\/logo\/image\/","url":"https:\/\/isikdemir.com.tr\/wp-content\/uploads\/2020\/02\/logo.png","contentUrl":"https:\/\/isikdemir.com.tr\/wp-content\/uploads\/2020\/02\/logo.png","width":300,"height":57,"caption":"I\u015eIK BORU PROF\u0130L"},"image":{"@id":"https:\/\/isikdemir.com.tr\/#\/schema\/logo\/image\/"},"sameAs":["https:\/\/www.facebook.com\/p\/Ik-Demir-100092820544779\/?locale=tr_TR"]}]}},"_links":{"self":[{"href":"https:\/\/isikdemir.com.tr\/index.php\/wp-json\/wp\/v2\/pages\/9940","targetHints":{"allow":["GET"]}}],"collection":[{"href":"https:\/\/isikdemir.com.tr\/index.php\/wp-json\/wp\/v2\/pages"}],"about":[{"href":"https:\/\/isikdemir.com.tr\/index.php\/wp-json\/wp\/v2\/types\/page"}],"author":[{"embeddable":true,"href":"https:\/\/isikdemir.com.tr\/index.php\/wp-json\/wp\/v2\/users\/1"}],"replies":[{"embeddable":true,"href":"https:\/\/isikdemir.com.tr\/index.php\/wp-json\/wp\/v2\/comments?post=9940"}],"version-history":[{"count":38,"href":"https:\/\/isikdemir.com.tr\/index.php\/wp-json\/wp\/v2\/pages\/9940\/revisions"}],"predecessor-version":[{"id":10296,"href":"https:\/\/isikdemir.com.tr\/index.php\/wp-json\/wp\/v2\/pages\/9940\/revisions\/10296"}],"wp:attachment":[{"href":"https:\/\/isikdemir.com.tr\/index.php\/wp-json\/wp\/v2\/media?parent=9940"}],"curies":[{"name":"wp","href":"https:\/\/api.w.org\/{rel}","templated":true}]}}