{"id":8621,"date":"2024-12-22T18:17:34","date_gmt":"2024-12-22T18:17:34","guid":{"rendered":"http:\/\/isikdemir.com.tr\/?page_id=8621"},"modified":"2025-03-13T21:47:33","modified_gmt":"2025-03-13T21:47:33","slug":"saclar","status":"publish","type":"page","link":"https:\/\/isikdemir.com.tr\/index.php\/saclar\/","title":{"rendered":"SACLAR"},"content":{"rendered":"\t\t<div data-elementor-type=\"wp-page\" data-elementor-id=\"8621\" class=\"elementor elementor-8621\">\n\t\t\t\t        <section class=\"elementor-section elementor-top-section elementor-element elementor-element-9fadf51 elementor-section-boxed elementor-section-height-default elementor-section-height-default ct-header-fixed-none ct-row-max-none\" data-id=\"9fadf51\" data-element_type=\"section\">\n            \n                        <div class=\"elementor-container elementor-column-gap-extended \">\n                    <div class=\"elementor-column elementor-col-66 elementor-top-column elementor-element elementor-element-e5a3412\" data-id=\"e5a3412\" data-element_type=\"column\">\n        <div class=\"elementor-widget-wrap elementor-element-populated\">\n                    \n        \t\t<div class=\"elementor-element elementor-element-7208a61 elementor-widget elementor-widget-ct_title\" data-id=\"7208a61\" data-element_type=\"widget\" data-widget_type=\"ct_title.default\">\n\t\t\t\t<div class=\"elementor-widget-container\">\n\t\t\t\t\t<div class=\"ct-title1 style2\">\r\n    <h3>\r\n    \t\t        <span>SACLAR<\/span>\r\n\t        <i><\/i>\r\n\t        <\/h3>\r\n<\/div>\t\t\t\t<\/div>\n\t\t\t\t<\/div>\n\t\t\t\t<div class=\"elementor-element elementor-element-4c6507b elementor-widget elementor-widget-text-editor\" data-id=\"4c6507b\" data-element_type=\"widget\" data-widget_type=\"text-editor.default\">\n\t\t\t\t\t\t\t\t\t<p>Sac Slab olarak adland\u0131r\u0131lan ve s\u0131v\u0131 \u00e7eli\u011fin, s\u00fcrekli d\u00f6k\u00fcm tekni\u011fiyle kat\u0131la\u015ft\u0131r\u0131lmas\u0131 sonucu meydana gelen, dikd\u00f6rtgen kesitli yar\u0131 \u00fcr\u00fcn\u00fcn, s\u0131cak haddehanede, s\u0131cak olarak haddelenmesi ile elde edilen ve kal\u0131nl\u0131klar\u0131 1,50 \u2013 20,00 mm aral\u0131\u011f\u0131nda de\u011fi\u015fen rulo ya da sac bi\u00e7imindeki yass\u0131 \u00e7eliktir.<\/p><p>Sac Siyah saclar s\u0131cak haddelenme yap\u0131larak \u00fcretilen yass\u0131 \u00e7eliklerdir. T\u00fcrkiye\u2019de ve d\u00fcnyada en fazla \u00fcretilen ve t\u00fcketilen \u00fcr\u00fcnlerdir. \u00d6zellikle geli\u015fmi\u015f ve geli\u015fmekte olan \u00fclkelerde her ge\u00e7en sene \u00fcretimi ve t\u00fcketimi artmaktad\u0131r. Siyah saclar\u0131n kullan\u0131m alanlar\u0131 \u00e7ok geni\u015ftir.<\/p>\t\t\t\t\t\t\t\t<\/div>\n\t\t\t\t<div class=\"elementor-element elementor-element-76f1d51 elementor-invisible elementor-widget elementor-widget-ct_gallery_carousel\" data-id=\"76f1d51\" data-element_type=\"widget\" data-settings=\"{&quot;_animation&quot;:&quot;fadeInRight&quot;}\" data-widget_type=\"ct_gallery_carousel.default\">\n\t\t\t\t<div class=\"elementor-widget-container\">\n\t\t\t\t\t    <div class=\"ct-gallery-carousel1 ct-slick-slider\">\r\n        <div class=\"ct-carousel-inner\">\r\n            <div class=\"ct-slick-carousel\" data-arrows=\"\" data-dots=\"\" data-pauseOnHover=\"\" data-autoplay=\"\" data-autoplaySpeed=\"5000\" data-infinite=\"\" data-speed=\"500\" data-colxs=\"1\" data-colsm=\"2\" data-colmd=\"3\" data-collg=\"3\" data-colxl=\"3\" data-dir=\"false\" data-slidesToScroll=\"1\">\r\n                                    <div class=\"slick-slide\">\r\n                        <img fetchpriority=\"high\" decoding=\"async\" class=\"\" src=\"https:\/\/isikdemir.com.tr\/wp-content\/uploads\/2025\/03\/A-13883-475x400.jpg\" width=\"475\" height=\"400\" alt=\"A-13883\" title=\"A-13883\" \/>                    <\/div>\r\n                                    <div class=\"slick-slide\">\r\n                        <img decoding=\"async\" class=\"\" src=\"https:\/\/isikdemir.com.tr\/wp-content\/uploads\/2025\/03\/A-13879-475x400.jpg\" width=\"475\" height=\"400\" alt=\"A-13879\" title=\"A-13879\" \/>                    <\/div>\r\n                                    <div class=\"slick-slide\">\r\n                        <img decoding=\"async\" class=\"\" src=\"https:\/\/isikdemir.com.tr\/wp-content\/uploads\/2025\/03\/A-13885-475x400.jpg\" width=\"475\" height=\"400\" alt=\"A-13885\" title=\"A-13885\" \/>                    <\/div>\r\n                            <\/div>\r\n        <\/div>\r\n    <\/div>\r\n\t\t\t\t<\/div>\n\t\t\t\t<\/div>\n\t\t\t\t<div class=\"elementor-element elementor-element-6b3ade5 elementor-widget elementor-widget-text-editor\" data-id=\"6b3ade5\" data-element_type=\"widget\" data-widget_type=\"text-editor.default\">\n\t\t\t\t\t\t\t\t\t<style>\n    table {\n        width: 70%; \/* Tablo geni\u015fli\u011fi *\/\n        border-collapse: collapse;\n        margin: 20px 0;\n        background-color: #ffffff;\n        box-shadow: 0 4px 8px rgba(0, 0, 0, 0.1);\n        border: none; \/* Tablo kenarl\u0131klar\u0131n\u0131 kald\u0131r\u0131r *\/\n    }\n    th, td {\n        padding: 10px;\n        text-align: left;\n        border: none; \/* H\u00fccre kenarl\u0131klar\u0131n\u0131 kald\u0131r\u0131r *\/\n    }\n    th {\n        background-color: #0073e6; \/* Koyu mavi *\/\n        color: #ffffff; \/* Beyaz yaz\u0131 *\/\n        font-weight: bold;\n    }\n    tr:nth-child(even) {\n        background-color: #e6f2ff; \/* A\u00e7\u0131k mavi *\/\n    }\n    tr:hover {\n        background-color: #cce6ff; \/* Orta ton mavi *\/\n    }\n   \n<\/style>\n\n<h4>Ebat ve M2 A\u011f\u0131rl\u0131k Tablosu<\/h4>\n<table>\n    <thead>\n        <tr>\n            <th>Ebat (mm)<\/th>\n            <th>M2 A\u011f\u0131rl\u0131\u011f\u0131<\/th>\n        <\/tr>\n    <\/thead>\n    <tbody>\n        <tr>\n            <td>0.35<\/td>\n            <td>2.750<\/td>\n        <\/tr>\n        <tr>\n            <td>0.40<\/td>\n            <td>3.140<\/td>\n        <\/tr>\n        <tr>\n            <td>0.50<\/td>\n            <td>3.980<\/td>\n        <\/tr>\n        <tr>\n            <td>0.60<\/td>\n            <td>4.710<\/td>\n        <\/tr>\n        <tr>\n            <td>0.70<\/td>\n            <td>5.500<\/td>\n        <\/tr>\n        <tr>\n            <td>0.80<\/td>\n            <td>6.280<\/td>\n        <\/tr>\n        <tr>\n            <td>0.90<\/td>\n            <td>7.070<\/td>\n        <\/tr>\n        <tr>\n            <td>1.00<\/td>\n            <td>7.850<\/td>\n        <\/tr>\n        <tr>\n            <td>1.20<\/td>\n            <td>9.420<\/td>\n        <\/tr>\n        <tr>\n            <td>1.50<\/td>\n            <td>11.780<\/td>\n        <\/tr>\n        <tr>\n            <td>2.00<\/td>\n            <td>15.700<\/td>\n        <\/tr>\n        <tr>\n            <td>2.50<\/td>\n            <td>19.620<\/td>\n        <\/tr>\n        <tr>\n            <td>3.00<\/td>\n            <td>23.550<\/td>\n        <\/tr>\n        <tr>\n            <td>4.00<\/td>\n            <td>31.400<\/td>\n        <\/tr>\n        <tr>\n            <td>5.00<\/td>\n            <td>39.250<\/td>\n        <\/tr>\n        <tr>\n            <td>6.00<\/td>\n            <td>47.100<\/td>\n        <\/tr>\n        <tr>\n            <td>7.00<\/td>\n            <td>54.950<\/td>\n        <\/tr>\n        <tr>\n            <td>8<\/td>\n            <td>62.800<\/td>\n        <\/tr>\n        <tr>\n            <td>9<\/td>\n            <td>70.650<\/td>\n        <\/tr>\n        <tr>\n            <td>10<\/td>\n            <td>78.500<\/td>\n        <\/tr>\n        <tr>\n            <td>12<\/td>\n            <td>94.200<\/td>\n        <\/tr>\n        <tr>\n            <td>14<\/td>\n            <td>109.900<\/td>\n        <\/tr>\n        <tr>\n            <td>15<\/td>\n            <td>118.000<\/td>\n        <\/tr>\n        <tr>\n            <td>16<\/td>\n            <td>125.600<\/td>\n        <\/tr>\n        <tr>\n            <td>18<\/td>\n            <td>141.300<\/td>\n        <\/tr>\n        <tr>\n            <td>20<\/td>\n            <td>157.000<\/td>\n        <\/tr>\n        <tr>\n            <td>22<\/td>\n            <td>172.700<\/td>\n        <\/tr>\n        <tr>\n            <td>24<\/td>\n            <td>188.400<\/td>\n        <\/tr>\n    <\/tbody>\n<\/table>\t\t\t\t\t\t\t\t<\/div>\n\t\t            <\/div>\n        <\/div>\n                <div class=\"elementor-column elementor-col-33 elementor-top-column elementor-element elementor-element-25a73fe\" data-id=\"25a73fe\" data-element_type=\"column\">\n        <div class=\"elementor-widget-wrap elementor-element-populated\">\n                    \n        \t\t<div class=\"elementor-element elementor-element-95a93a5 elementor-widget__width-inherit elementor-widget elementor-widget-ct_navigation_menu\" data-id=\"95a93a5\" data-element_type=\"widget\" data-widget_type=\"ct_navigation_menu.default\">\n\t\t\t\t<div class=\"elementor-widget-container\">\n\t\t\t\t\t    <div id=\"ct_navigation_menu-95a93a5\" class=\"ct-navigation-menu1 default\">\r\n        <div class=\"menu-menu-services-container\"><ul id=\"menu-menu-services\" class=\"menu\"><li id=\"menu-item-9897\" class=\"menu-item menu-item-type-post_type menu-item-object-page menu-item-9897\"><a href=\"https:\/\/isikdemir.com.tr\/index.php\/borular\/\">BORULAR<\/a><\/li>\n<li id=\"menu-item-9898\" class=\"menu-item menu-item-type-post_type menu-item-object-page menu-item-9898\"><a href=\"https:\/\/isikdemir.com.tr\/index.php\/profil\/\">PROF\u0130LLER<\/a><\/li>\n<li id=\"menu-item-9894\" class=\"menu-item menu-item-type-post_type menu-item-object-page menu-item-9894\"><a href=\"https:\/\/isikdemir.com.tr\/index.php\/saclar\/\">SACLAR<\/a><\/li>\n<li id=\"menu-item-9896\" class=\"menu-item menu-item-type-post_type menu-item-object-page menu-item-9896\"><a href=\"https:\/\/isikdemir.com.tr\/index.php\/ipe-demir-profil\/\">IPE DEM\u0130R<\/a><\/li>\n<li id=\"menu-item-9887\" class=\"menu-item menu-item-type-post_type menu-item-object-page menu-item-9887\"><a href=\"https:\/\/isikdemir.com.tr\/index.php\/ipn-demir-profil\/\">IPN DEM\u0130R<\/a><\/li>\n<li id=\"menu-item-9886\" class=\"menu-item menu-item-type-post_type menu-item-object-page menu-item-9886\"><a href=\"https:\/\/isikdemir.com.tr\/index.php\/upn-demir-profil\/\">UPN DEM\u0130R<\/a><\/li>\n<li id=\"menu-item-9895\" class=\"menu-item menu-item-type-post_type menu-item-object-page menu-item-9895\"><a href=\"https:\/\/isikdemir.com.tr\/index.php\/hea-3\/\">HEA PROF\u0130L<\/a><\/li>\n<li id=\"menu-item-9888\" class=\"menu-item menu-item-type-post_type menu-item-object-page menu-item-9888\"><a href=\"https:\/\/isikdemir.com.tr\/index.php\/heb\/\">HEB PROF\u0130L<\/a><\/li>\n<li id=\"menu-item-9889\" class=\"menu-item menu-item-type-post_type menu-item-object-page menu-item-9889\"><a href=\"https:\/\/isikdemir.com.tr\/index.php\/hem-2\/\">HEM PROF\u0130L<\/a><\/li>\n<li id=\"menu-item-9891\" class=\"menu-item menu-item-type-post_type menu-item-object-page menu-item-9891\"><a href=\"https:\/\/isikdemir.com.tr\/index.php\/lama-ve-silmeler\/\">LAMA VE S\u0130LME<\/a><\/li>\n<li id=\"menu-item-9884\" class=\"menu-item menu-item-type-post_type menu-item-object-page menu-item-9884\"><a href=\"https:\/\/isikdemir.com.tr\/index.php\/kare\/\">KARE<\/a><\/li>\n<li id=\"menu-item-9899\" class=\"menu-item menu-item-type-post_type menu-item-object-page menu-item-9899\"><a href=\"https:\/\/isikdemir.com.tr\/index.php\/kosebent\/\">K\u00d6\u015eEBENTLER<\/a><\/li>\n<li id=\"menu-item-9892\" class=\"menu-item menu-item-type-post_type menu-item-object-page menu-item-9892\"><a href=\"https:\/\/isikdemir.com.tr\/index.php\/elektrot\/\">ELEKTROT<\/a><\/li>\n<li id=\"menu-item-9885\" class=\"menu-item menu-item-type-post_type menu-item-object-page menu-item-9885\"><a href=\"https:\/\/isikdemir.com.tr\/index.php\/kaynak-telleri\/\">KAYNAK TELLER\u0130<\/a><\/li>\n<li id=\"menu-item-9893\" class=\"menu-item menu-item-type-post_type menu-item-object-page menu-item-9893\"><a href=\"https:\/\/isikdemir.com.tr\/index.php\/galvaniz-sac\/\">PANELLER<\/a><\/li>\n<li id=\"menu-item-10470\" class=\"menu-item menu-item-type-post_type menu-item-object-page menu-item-10470\"><a href=\"https:\/\/isikdemir.com.tr\/index.php\/celik-hasir-insaat-demiri\/\">\u00c7EL\u0130K HASIR \u2013 \u0130N\u015eAAT DEM\u0130R\u0130<\/a><\/li>\n<li id=\"menu-item-10625\" class=\"menu-item menu-item-type-post_type menu-item-object-page menu-item-10625\"><a href=\"https:\/\/isikdemir.com.tr\/index.php\/elementor-10564\/\">HARDOX<\/a><\/li>\n<\/ul><\/div>    <\/div>\r\n\t\t\t\t<\/div>\n\t\t\t\t<\/div>\n\t\t\t\t<div class=\"elementor-element elementor-element-886a207 elementor-widget elementor-widget-spacer\" data-id=\"886a207\" data-element_type=\"widget\" data-widget_type=\"spacer.default\">\n\t\t\t\t<div class=\"elementor-widget-container\">\n\t\t\t\t\t\t\t<div class=\"elementor-spacer\">\n\t\t\t<div class=\"elementor-spacer-inner\"><\/div>\n\t\t<\/div>\n\t\t\t\t\t\t<\/div>\n\t\t\t\t<\/div>\n\t\t\t\t<div class=\"elementor-element elementor-element-2715227 elementor-widget elementor-widget-spacer\" data-id=\"2715227\" data-element_type=\"widget\" data-widget_type=\"spacer.default\">\n\t\t\t\t<div class=\"elementor-widget-container\">\n\t\t\t\t\t\t\t<div class=\"elementor-spacer\">\n\t\t\t<div class=\"elementor-spacer-inner\"><\/div>\n\t\t<\/div>\n\t\t\t\t\t\t<\/div>\n\t\t\t\t<\/div>\n\t\t\t\t<div class=\"elementor-element elementor-element-8c58564 elementor-widget elementor-widget-ct_download\" data-id=\"8c58564\" data-element_type=\"widget\" data-widget_type=\"ct_download.default\">\n\t\t\t\t<div class=\"elementor-widget-container\">\n\t\t\t\t\t    <div class=\"ct-download\">\r\n                    <div class=\"item--download\">\r\n                <a href=\"http:\/\/isikdemir.com.tr\/isikdemirkatalog_2025.pdf\" target=\"_blank\">\r\n            \t<i aria-hidden=\"true\" class=\"material zmdi zmdi-download\"><\/i>                                <span>Katalog <\/span>\r\n            \t<\/a>\r\n           <\/div>\r\n            <\/div>\r\n\t\t\t\t<\/div>\n\t\t\t\t<\/div>\n\t\t            <\/div>\n        <\/div>\n                    <\/div>\n        <\/section>\n        \t\t<\/div>\n\t\t","protected":false},"excerpt":{"rendered":"<p>SACLAR Sac Slab olarak adland\u0131r\u0131lan ve s\u0131v\u0131 \u00e7eli\u011fin, s\u00fcrekli d\u00f6k\u00fcm tekni\u011fiyle kat\u0131la\u015ft\u0131r\u0131lmas\u0131 sonucu meydana gelen, dikd\u00f6rtgen kesitli yar\u0131 \u00fcr\u00fcn\u00fcn, s\u0131cak haddehanede, s\u0131cak olarak haddelenmesi ile elde edilen ve kal\u0131nl\u0131klar\u0131 1,50 \u2013 20,00 mm aral\u0131\u011f\u0131nda de\u011fi\u015fen rulo ya da sac bi\u00e7imindeki yass\u0131 \u00e7eliktir. Sac Siyah saclar s\u0131cak haddelenme yap\u0131larak \u00fcretilen yass\u0131 \u00e7eliklerdir. T\u00fcrkiye\u2019de ve d\u00fcnyada en [&hellip;]<\/p>\n","protected":false},"author":1,"featured_media":0,"parent":0,"menu_order":0,"comment_status":"closed","ping_status":"closed","template":"","meta":{"footnotes":""},"class_list":["post-8621","page","type-page","status-publish","hentry"],"yoast_head":"<!-- This site is optimized with the Yoast SEO plugin v24.3 - https:\/\/yoast.com\/wordpress\/plugins\/seo\/ -->\r\n<title>SACLAR - I\u015eIK DEM\u0130R<\/title>\r\n<meta name=\"robots\" content=\"index, follow, max-snippet:-1, max-image-preview:large, max-video-preview:-1\" \/>\r\n<link rel=\"canonical\" href=\"https:\/\/isikdemir.com.tr\/index.php\/saclar\/\" \/>\r\n<meta property=\"og:locale\" content=\"tr_TR\" \/>\r\n<meta property=\"og:type\" content=\"article\" \/>\r\n<meta property=\"og:title\" content=\"SACLAR - I\u015eIK DEM\u0130R\" \/>\r\n<meta property=\"og:description\" content=\"SACLAR Sac Slab olarak adland\u0131r\u0131lan ve s\u0131v\u0131 \u00e7eli\u011fin, s\u00fcrekli d\u00f6k\u00fcm tekni\u011fiyle kat\u0131la\u015ft\u0131r\u0131lmas\u0131 sonucu meydana gelen, dikd\u00f6rtgen kesitli yar\u0131 \u00fcr\u00fcn\u00fcn, s\u0131cak haddehanede, s\u0131cak olarak haddelenmesi ile elde edilen ve kal\u0131nl\u0131klar\u0131 1,50 \u2013 20,00 mm aral\u0131\u011f\u0131nda de\u011fi\u015fen rulo ya da sac bi\u00e7imindeki yass\u0131 \u00e7eliktir. Sac Siyah saclar s\u0131cak haddelenme yap\u0131larak \u00fcretilen yass\u0131 \u00e7eliklerdir. T\u00fcrkiye\u2019de ve d\u00fcnyada en [&hellip;]\" \/>\r\n<meta property=\"og:url\" content=\"https:\/\/isikdemir.com.tr\/index.php\/saclar\/\" \/>\r\n<meta property=\"og:site_name\" content=\"I\u015eIK DEM\u0130R\" \/>\r\n<meta property=\"article:publisher\" content=\"https:\/\/www.facebook.com\/p\/Ik-Demir-100092820544779\/?locale=tr_TR\" \/>\r\n<meta property=\"article:modified_time\" content=\"2025-03-13T21:47:33+00:00\" \/>\r\n<meta property=\"og:image\" content=\"http:\/\/isikdemir.com.tr\/wp-content\/uploads\/2025\/03\/A-13883-475x400.jpg\" \/>\r\n<meta name=\"twitter:card\" content=\"summary_large_image\" \/>\r\n<meta name=\"twitter:label1\" content=\"Tahmini okuma s\u00fcresi\" \/>\n\t<meta name=\"twitter:data1\" content=\"2 dakika\" \/>\r\n<script type=\"application\/ld+json\" class=\"yoast-schema-graph\">{\"@context\":\"https:\/\/schema.org\",\"@graph\":[{\"@type\":\"WebPage\",\"@id\":\"https:\/\/isikdemir.com.tr\/index.php\/saclar\/\",\"url\":\"https:\/\/isikdemir.com.tr\/index.php\/saclar\/\",\"name\":\"SACLAR - I\u015eIK DEM\u0130R\",\"isPartOf\":{\"@id\":\"https:\/\/isikdemir.com.tr\/#website\"},\"primaryImageOfPage\":{\"@id\":\"https:\/\/isikdemir.com.tr\/index.php\/saclar\/#primaryimage\"},\"image\":{\"@id\":\"https:\/\/isikdemir.com.tr\/index.php\/saclar\/#primaryimage\"},\"thumbnailUrl\":\"http:\/\/isikdemir.com.tr\/wp-content\/uploads\/2025\/03\/A-13883-475x400.jpg\",\"datePublished\":\"2024-12-22T18:17:34+00:00\",\"dateModified\":\"2025-03-13T21:47:33+00:00\",\"breadcrumb\":{\"@id\":\"https:\/\/isikdemir.com.tr\/index.php\/saclar\/#breadcrumb\"},\"inLanguage\":\"tr\",\"potentialAction\":[{\"@type\":\"ReadAction\",\"target\":[\"https:\/\/isikdemir.com.tr\/index.php\/saclar\/\"]}]},{\"@type\":\"ImageObject\",\"inLanguage\":\"tr\",\"@id\":\"https:\/\/isikdemir.com.tr\/index.php\/saclar\/#primaryimage\",\"url\":\"https:\/\/isikdemir.com.tr\/wp-content\/uploads\/2025\/03\/A-13883.jpg\",\"contentUrl\":\"https:\/\/isikdemir.com.tr\/wp-content\/uploads\/2025\/03\/A-13883.jpg\",\"width\":500,\"height\":400},{\"@type\":\"BreadcrumbList\",\"@id\":\"https:\/\/isikdemir.com.tr\/index.php\/saclar\/#breadcrumb\",\"itemListElement\":[{\"@type\":\"ListItem\",\"position\":1,\"name\":\"Anasayfa\",\"item\":\"https:\/\/isikdemir.com.tr\/\"},{\"@type\":\"ListItem\",\"position\":2,\"name\":\"SACLAR\"}]},{\"@type\":\"WebSite\",\"@id\":\"https:\/\/isikdemir.com.tr\/#website\",\"url\":\"https:\/\/isikdemir.com.tr\/\",\"name\":\"I\u015eIK BORU PROF\u0130L\",\"description\":\"I\u015eIK BORU PROF\u0130L\",\"publisher\":{\"@id\":\"https:\/\/isikdemir.com.tr\/#organization\"},\"potentialAction\":[{\"@type\":\"SearchAction\",\"target\":{\"@type\":\"EntryPoint\",\"urlTemplate\":\"https:\/\/isikdemir.com.tr\/?s={search_term_string}\"},\"query-input\":{\"@type\":\"PropertyValueSpecification\",\"valueRequired\":true,\"valueName\":\"search_term_string\"}}],\"inLanguage\":\"tr\"},{\"@type\":\"Organization\",\"@id\":\"https:\/\/isikdemir.com.tr\/#organization\",\"name\":\"I\u015eIK BORU PROF\u0130L\",\"url\":\"https:\/\/isikdemir.com.tr\/\",\"logo\":{\"@type\":\"ImageObject\",\"inLanguage\":\"tr\",\"@id\":\"https:\/\/isikdemir.com.tr\/#\/schema\/logo\/image\/\",\"url\":\"https:\/\/isikdemir.com.tr\/wp-content\/uploads\/2020\/02\/logo.png\",\"contentUrl\":\"https:\/\/isikdemir.com.tr\/wp-content\/uploads\/2020\/02\/logo.png\",\"width\":300,\"height\":57,\"caption\":\"I\u015eIK BORU PROF\u0130L\"},\"image\":{\"@id\":\"https:\/\/isikdemir.com.tr\/#\/schema\/logo\/image\/\"},\"sameAs\":[\"https:\/\/www.facebook.com\/p\/Ik-Demir-100092820544779\/?locale=tr_TR\"]}]}<\/script>\r\n<!-- \/ Yoast SEO plugin. -->","yoast_head_json":{"title":"SACLAR - I\u015eIK DEM\u0130R","robots":{"index":"index","follow":"follow","max-snippet":"max-snippet:-1","max-image-preview":"max-image-preview:large","max-video-preview":"max-video-preview:-1"},"canonical":"https:\/\/isikdemir.com.tr\/index.php\/saclar\/","og_locale":"tr_TR","og_type":"article","og_title":"SACLAR - I\u015eIK DEM\u0130R","og_description":"SACLAR Sac Slab olarak adland\u0131r\u0131lan ve s\u0131v\u0131 \u00e7eli\u011fin, s\u00fcrekli d\u00f6k\u00fcm tekni\u011fiyle kat\u0131la\u015ft\u0131r\u0131lmas\u0131 sonucu meydana gelen, dikd\u00f6rtgen kesitli yar\u0131 \u00fcr\u00fcn\u00fcn, s\u0131cak haddehanede, s\u0131cak olarak haddelenmesi ile elde edilen ve kal\u0131nl\u0131klar\u0131 1,50 \u2013 20,00 mm aral\u0131\u011f\u0131nda de\u011fi\u015fen rulo ya da sac bi\u00e7imindeki yass\u0131 \u00e7eliktir. Sac Siyah saclar s\u0131cak haddelenme yap\u0131larak \u00fcretilen yass\u0131 \u00e7eliklerdir. T\u00fcrkiye\u2019de ve d\u00fcnyada en [&hellip;]","og_url":"https:\/\/isikdemir.com.tr\/index.php\/saclar\/","og_site_name":"I\u015eIK DEM\u0130R","article_publisher":"https:\/\/www.facebook.com\/p\/Ik-Demir-100092820544779\/?locale=tr_TR","article_modified_time":"2025-03-13T21:47:33+00:00","og_image":[{"url":"http:\/\/isikdemir.com.tr\/wp-content\/uploads\/2025\/03\/A-13883-475x400.jpg","type":"","width":"","height":""}],"twitter_card":"summary_large_image","twitter_misc":{"Tahmini okuma s\u00fcresi":"2 dakika"},"schema":{"@context":"https:\/\/schema.org","@graph":[{"@type":"WebPage","@id":"https:\/\/isikdemir.com.tr\/index.php\/saclar\/","url":"https:\/\/isikdemir.com.tr\/index.php\/saclar\/","name":"SACLAR - I\u015eIK DEM\u0130R","isPartOf":{"@id":"https:\/\/isikdemir.com.tr\/#website"},"primaryImageOfPage":{"@id":"https:\/\/isikdemir.com.tr\/index.php\/saclar\/#primaryimage"},"image":{"@id":"https:\/\/isikdemir.com.tr\/index.php\/saclar\/#primaryimage"},"thumbnailUrl":"http:\/\/isikdemir.com.tr\/wp-content\/uploads\/2025\/03\/A-13883-475x400.jpg","datePublished":"2024-12-22T18:17:34+00:00","dateModified":"2025-03-13T21:47:33+00:00","breadcrumb":{"@id":"https:\/\/isikdemir.com.tr\/index.php\/saclar\/#breadcrumb"},"inLanguage":"tr","potentialAction":[{"@type":"ReadAction","target":["https:\/\/isikdemir.com.tr\/index.php\/saclar\/"]}]},{"@type":"ImageObject","inLanguage":"tr","@id":"https:\/\/isikdemir.com.tr\/index.php\/saclar\/#primaryimage","url":"https:\/\/isikdemir.com.tr\/wp-content\/uploads\/2025\/03\/A-13883.jpg","contentUrl":"https:\/\/isikdemir.com.tr\/wp-content\/uploads\/2025\/03\/A-13883.jpg","width":500,"height":400},{"@type":"BreadcrumbList","@id":"https:\/\/isikdemir.com.tr\/index.php\/saclar\/#breadcrumb","itemListElement":[{"@type":"ListItem","position":1,"name":"Anasayfa","item":"https:\/\/isikdemir.com.tr\/"},{"@type":"ListItem","position":2,"name":"SACLAR"}]},{"@type":"WebSite","@id":"https:\/\/isikdemir.com.tr\/#website","url":"https:\/\/isikdemir.com.tr\/","name":"I\u015eIK BORU PROF\u0130L","description":"I\u015eIK BORU PROF\u0130L","publisher":{"@id":"https:\/\/isikdemir.com.tr\/#organization"},"potentialAction":[{"@type":"SearchAction","target":{"@type":"EntryPoint","urlTemplate":"https:\/\/isikdemir.com.tr\/?s={search_term_string}"},"query-input":{"@type":"PropertyValueSpecification","valueRequired":true,"valueName":"search_term_string"}}],"inLanguage":"tr"},{"@type":"Organization","@id":"https:\/\/isikdemir.com.tr\/#organization","name":"I\u015eIK BORU PROF\u0130L","url":"https:\/\/isikdemir.com.tr\/","logo":{"@type":"ImageObject","inLanguage":"tr","@id":"https:\/\/isikdemir.com.tr\/#\/schema\/logo\/image\/","url":"https:\/\/isikdemir.com.tr\/wp-content\/uploads\/2020\/02\/logo.png","contentUrl":"https:\/\/isikdemir.com.tr\/wp-content\/uploads\/2020\/02\/logo.png","width":300,"height":57,"caption":"I\u015eIK BORU PROF\u0130L"},"image":{"@id":"https:\/\/isikdemir.com.tr\/#\/schema\/logo\/image\/"},"sameAs":["https:\/\/www.facebook.com\/p\/Ik-Demir-100092820544779\/?locale=tr_TR"]}]}},"_links":{"self":[{"href":"https:\/\/isikdemir.com.tr\/index.php\/wp-json\/wp\/v2\/pages\/8621","targetHints":{"allow":["GET"]}}],"collection":[{"href":"https:\/\/isikdemir.com.tr\/index.php\/wp-json\/wp\/v2\/pages"}],"about":[{"href":"https:\/\/isikdemir.com.tr\/index.php\/wp-json\/wp\/v2\/types\/page"}],"author":[{"embeddable":true,"href":"https:\/\/isikdemir.com.tr\/index.php\/wp-json\/wp\/v2\/users\/1"}],"replies":[{"embeddable":true,"href":"https:\/\/isikdemir.com.tr\/index.php\/wp-json\/wp\/v2\/comments?post=8621"}],"version-history":[{"count":36,"href":"https:\/\/isikdemir.com.tr\/index.php\/wp-json\/wp\/v2\/pages\/8621\/revisions"}],"predecessor-version":[{"id":10496,"href":"https:\/\/isikdemir.com.tr\/index.php\/wp-json\/wp\/v2\/pages\/8621\/revisions\/10496"}],"wp:attachment":[{"href":"https:\/\/isikdemir.com.tr\/index.php\/wp-json\/wp\/v2\/media?parent=8621"}],"curies":[{"name":"wp","href":"https:\/\/api.w.org\/{rel}","templated":true}]}}