{"id":8234,"date":"2024-12-19T20:36:53","date_gmt":"2024-12-19T20:36:53","guid":{"rendered":"http:\/\/isikdemir.com.tr\/?page_id=8234"},"modified":"2025-03-06T22:01:13","modified_gmt":"2025-03-06T22:01:13","slug":"akbant-sac-bukum","status":"publish","type":"page","link":"https:\/\/isikdemir.com.tr\/index.php\/akbant-sac-bukum\/","title":{"rendered":"AKBANT SAC B\u00dcK\u00dcM"},"content":{"rendered":"\t\t<div data-elementor-type=\"wp-post\" data-elementor-id=\"8234\" class=\"elementor elementor-8234\">\n\t\t\t\t        <section class=\"elementor-section elementor-top-section elementor-element elementor-element-5bfde5bb elementor-section-content-middle elementor-section-boxed elementor-section-height-default elementor-section-height-default ct-header-fixed-none ct-row-max-none\" data-id=\"5bfde5bb\" data-element_type=\"section\">\n            \n                        <div class=\"elementor-container elementor-column-gap-extended \">\n                    <div class=\"elementor-column elementor-col-50 elementor-top-column elementor-element elementor-element-58643d84\" data-id=\"58643d84\" data-element_type=\"column\">\n        <div class=\"elementor-widget-wrap elementor-element-populated\">\n                    \n        \t\t<div class=\"elementor-element elementor-element-7fba3832 elementor-widget elementor-widget-ct_heading\" data-id=\"7fba3832\" data-element_type=\"widget\" data-widget_type=\"ct_heading.default\">\n\t\t\t\t<div class=\"elementor-widget-container\">\n\t\t\t\t\t<div id=\"ct_heading-7fba3832\" class=\"ct-heading h-align- sub- ct-heading-left item-st-line-top1\">\r\n\t<div class=\"ct-item--inner\">\r\n        <div class=\"ct-inline-css\"  data-css=\"\r\n            \">\r\n        <\/div>\r\n                <h3 class=\"item--title st-line-top1 case-animate-time\" data-wow-delay=\"ms\">\r\n                            <div class=\"ct-heading-divider\"><span><\/span><\/div>\r\n                        <span class=\"sp-main\">\r\n                \r\n                CNC ABKANT B\u00dcK\u00dcM NED\u0130R?\r\n                \r\n                            <\/span>\r\n                    <\/h3>\r\n    <\/div>\r\n<\/div>\t\t\t\t<\/div>\n\t\t\t\t<\/div>\n\t\t            <\/div>\n        <\/div>\n                <div class=\"elementor-column elementor-col-50 elementor-top-column elementor-element elementor-element-637e71f4\" data-id=\"637e71f4\" data-element_type=\"column\">\n        <div class=\"elementor-widget-wrap elementor-element-populated\">\n                    \n        \t\t<div class=\"elementor-element elementor-element-7f1935ad elementor-widget elementor-widget-text-editor\" data-id=\"7f1935ad\" data-element_type=\"widget\" data-widget_type=\"text-editor.default\">\n\t\t\t\t\t\t\t\t\t<p>CNC Abkant pres, sac metal hammaddeyi b\u00fckerek istenen forma getiren bir sa\u00e7 \u015fekillendirme tezgah\u0131d\u0131r. Daha ilkel olan t\u00fcr\u00fc caka olarak adland\u0131r\u0131l\u0131r. Abkant b\u00fck\u00fcm tezgahlar\u0131 ile sac metal, iki kal\u0131p aras\u0131nda bas\u0131larak \u015fekil al\u0131r. Altta bulunan b\u00fcy\u00fck kal\u0131p di\u015fi kal\u0131pt\u0131r, \u00fcstteki ise erkek kal\u0131pt\u0131r.<\/p>\t\t\t\t\t\t\t\t<\/div>\n\t\t            <\/div>\n        <\/div>\n                    <\/div>\n        <\/section>\n                <section class=\"elementor-section elementor-top-section elementor-element elementor-element-40952cf elementor-section-boxed elementor-section-height-default elementor-section-height-default ct-header-fixed-none ct-row-max-none\" data-id=\"40952cf\" data-element_type=\"section\">\n            \n                        <div class=\"elementor-container elementor-column-gap-extended \">\n                    <div class=\"elementor-column elementor-col-100 elementor-top-column elementor-element elementor-element-67fdec3\" data-id=\"67fdec3\" data-element_type=\"column\">\n        <div class=\"elementor-widget-wrap elementor-element-populated\">\n                    \n        \t\t<div class=\"elementor-element elementor-element-54d600e elementor-invisible elementor-widget elementor-widget-ct_gallery_carousel\" data-id=\"54d600e\" data-element_type=\"widget\" data-settings=\"{&quot;_animation&quot;:&quot;fadeInRight&quot;}\" data-widget_type=\"ct_gallery_carousel.default\">\n\t\t\t\t<div class=\"elementor-widget-container\">\n\t\t\t\t\t    <div class=\"ct-gallery-carousel1 ct-slick-slider\">\r\n        <div class=\"ct-carousel-inner\">\r\n            <div class=\"ct-slick-carousel\" data-arrows=\"\" data-dots=\"\" data-pauseOnHover=\"\" data-autoplay=\"\" data-autoplaySpeed=\"5000\" data-infinite=\"\" data-speed=\"500\" data-colxs=\"1\" data-colsm=\"2\" data-colmd=\"3\" data-collg=\"3\" data-colxl=\"3\" data-dir=\"false\" data-slidesToScroll=\"1\">\r\n                                    <div class=\"slick-slide\">\r\n                        <img fetchpriority=\"high\" decoding=\"async\" class=\"\" src=\"https:\/\/isikdemir.com.tr\/wp-content\/uploads\/2025\/02\/akbanksacbukum.jpg\" width=\"475\" height=\"600\" alt=\"akbanksacbukum\" title=\"akbanksacbukum\" \/>                    <\/div>\r\n                                    <div class=\"slick-slide\">\r\n                        <img decoding=\"async\" class=\"\" src=\"https:\/\/isikdemir.com.tr\/wp-content\/uploads\/2024\/12\/A-13883-475x600.jpg\" width=\"475\" height=\"600\" alt=\"A-13883\" title=\"A-13883\" \/>                    <\/div>\r\n                                    <div class=\"slick-slide\">\r\n                        <img decoding=\"async\" class=\"\" src=\"https:\/\/isikdemir.com.tr\/wp-content\/uploads\/2024\/12\/A-13608-475x600.jpg\" width=\"475\" height=\"600\" alt=\"A-13608\" title=\"A-13608\" \/>                    <\/div>\r\n                            <\/div>\r\n        <\/div>\r\n    <\/div>\r\n\t\t\t\t<\/div>\n\t\t\t\t<\/div>\n\t\t            <\/div>\n        <\/div>\n                    <\/div>\n        <\/section>\n                <section class=\"elementor-section elementor-top-section elementor-element elementor-element-41df1be9 elementor-section-boxed elementor-section-height-default elementor-section-height-default ct-header-fixed-none ct-row-max-none\" data-id=\"41df1be9\" data-element_type=\"section\">\n            \n                        <div class=\"elementor-container elementor-column-gap-default \">\n                    <div class=\"elementor-column elementor-col-100 elementor-top-column elementor-element elementor-element-3906099b\" data-id=\"3906099b\" data-element_type=\"column\">\n        <div class=\"elementor-widget-wrap elementor-element-populated\">\n                    \n        \t\t<div class=\"elementor-element elementor-element-6601253d elementor-widget elementor-widget-text-editor\" data-id=\"6601253d\" data-element_type=\"widget\" data-widget_type=\"text-editor.default\">\n\t\t\t\t\t\t\t\t\t<p>Farkl\u0131 tonajlarda ve geni\u015fliklerde modelleri vard\u0131r. \u00dcst kal\u0131p, alt kal\u0131p, hidrolik eksenleri, CNC kontrol \u00fcnitesi gibi b\u00f6l\u00fcmlerden olu\u015fur. \u00dcst kal\u0131b\u0131n di\u015fi kal\u0131ba hidrolik kuvvetle bask\u0131 uygulamas\u0131 ile sac\u0131 arada s\u0131k\u0131\u015ft\u0131rarak farkl\u0131 a\u00e7\u0131larda b\u00fckmeyi sa\u011flar.<\/p><p>Di\u015fi kal\u0131p \u201cV\u201d \u015feklindedir. \u00dcst kal\u0131p yani erkek kal\u0131pta ayn\u0131 \u015fekilde \u201cV\u201d \u015feklindedir.A\u015fa\u011f\u0131daki resimde bir Abkant tezgah\u0131 g\u00f6r\u00fclmektedir. Geli\u015fen teknolojiyle birlikte bilgisayar\u0131n makineler \u00fczerindeki kontrol\u00fc h\u0131zla artmaktad\u0131r. Abkant tezg\u00e2hlar\u0131nda yap\u0131lan i\u015flerin daha kaliteli, daha h\u0131zl\u0131 ve daha kolay bir \u015fekilde yap\u0131labilmesi, \u00fcretimin kalitesini ve rekabet g\u00fcc\u00fcn\u00fc artt\u0131rmaktad\u0131r. Bu da abkant b\u00fckme makinesinin bilgisayar kontroll\u00fc olmas\u0131yla m\u00fcmk\u00fcnd\u00fcr. Abkant presler, sac metale hidrolik bas\u0131n\u00e7la kuvvet uygular.<\/p><p>Malzeme t\u00fcr\u00fc, malzeme kal\u0131nl\u0131\u011f\u0131, uygulanacak bas\u0131n\u00e7 gibi bilgiler CNC kontrol panelinden cihaza girilir. Bu bilgiler verildikten sonra animasyon elde edilir ve b\u00fckme i\u015flemi sonras\u0131 ortaya \u00e7\u0131kacak olan \u00fcr\u00fcn g\u00f6r\u00fclm\u00fc\u015f olur. Bir hatayla kar\u015f\u0131la\u015f\u0131lmas\u0131 halinde gerekli de\u011fi\u015fiklikler yap\u0131larak istenen \u00fcr\u00fcn\u00fcn \u00fcretilmesi sa\u011flan\u0131r. CNC kontroll\u00fc abkantlardaki \u00f6nemli di\u011fer bir \u00f6zellik ise arka dayaman\u0131n hareket ettirilebilmesidir. \u0130leri, geri, a\u015fa\u011f\u0131 ve yukar\u0131 sayesinde daha hassas \u00fcretimle istenen form sac metale verilebilir. Bu da cnc\u2019nin abkanta kazand\u0131rd\u0131\u011f\u0131 kolayl\u0131klardand\u0131r.\u201d<\/p>\t\t\t\t\t\t\t\t<\/div>\n\t\t            <\/div>\n        <\/div>\n                    <\/div>\n        <\/section>\n        \t\t<\/div>\n\t\t","protected":false},"excerpt":{"rendered":"<p>CNC ABKANT B\u00dcK\u00dcM NED\u0130R? CNC Abkant pres, sac metal hammaddeyi b\u00fckerek istenen forma getiren bir sa\u00e7 \u015fekillendirme tezgah\u0131d\u0131r. Daha ilkel olan t\u00fcr\u00fc caka olarak adland\u0131r\u0131l\u0131r. Abkant b\u00fck\u00fcm tezgahlar\u0131 ile sac metal, iki kal\u0131p aras\u0131nda bas\u0131larak \u015fekil al\u0131r. Altta bulunan b\u00fcy\u00fck kal\u0131p di\u015fi kal\u0131pt\u0131r, \u00fcstteki ise erkek kal\u0131pt\u0131r. Farkl\u0131 tonajlarda ve geni\u015fliklerde modelleri vard\u0131r. \u00dcst kal\u0131p, [&hellip;]<\/p>\n","protected":false},"author":1,"featured_media":0,"parent":0,"menu_order":0,"comment_status":"closed","ping_status":"closed","template":"","meta":{"footnotes":""},"class_list":["post-8234","page","type-page","status-publish","hentry"],"yoast_head":"<!-- This site is optimized with the Yoast SEO plugin v24.3 - https:\/\/yoast.com\/wordpress\/plugins\/seo\/ -->\r\n<title>AKBANT SAC B\u00dcK\u00dcM - I\u015eIK DEM\u0130R<\/title>\r\n<meta name=\"robots\" content=\"index, follow, max-snippet:-1, max-image-preview:large, max-video-preview:-1\" \/>\r\n<link rel=\"canonical\" href=\"https:\/\/isikdemir.com.tr\/index.php\/akbant-sac-bukum\/\" \/>\r\n<meta property=\"og:locale\" content=\"tr_TR\" \/>\r\n<meta property=\"og:type\" content=\"article\" \/>\r\n<meta property=\"og:title\" content=\"AKBANT SAC B\u00dcK\u00dcM - I\u015eIK DEM\u0130R\" \/>\r\n<meta property=\"og:description\" content=\"CNC ABKANT B\u00dcK\u00dcM NED\u0130R? CNC Abkant pres, sac metal hammaddeyi b\u00fckerek istenen forma getiren bir sa\u00e7 \u015fekillendirme tezgah\u0131d\u0131r. Daha ilkel olan t\u00fcr\u00fc caka olarak adland\u0131r\u0131l\u0131r. Abkant b\u00fck\u00fcm tezgahlar\u0131 ile sac metal, iki kal\u0131p aras\u0131nda bas\u0131larak \u015fekil al\u0131r. Altta bulunan b\u00fcy\u00fck kal\u0131p di\u015fi kal\u0131pt\u0131r, \u00fcstteki ise erkek kal\u0131pt\u0131r. Farkl\u0131 tonajlarda ve geni\u015fliklerde modelleri vard\u0131r. \u00dcst kal\u0131p, [&hellip;]\" \/>\r\n<meta property=\"og:url\" content=\"https:\/\/isikdemir.com.tr\/index.php\/akbant-sac-bukum\/\" \/>\r\n<meta property=\"og:site_name\" content=\"I\u015eIK DEM\u0130R\" \/>\r\n<meta property=\"article:publisher\" content=\"https:\/\/www.facebook.com\/p\/Ik-Demir-100092820544779\/?locale=tr_TR\" \/>\r\n<meta property=\"article:modified_time\" content=\"2025-03-06T22:01:13+00:00\" \/>\r\n<meta property=\"og:image\" content=\"http:\/\/isikdemir.com.tr\/wp-content\/uploads\/2025\/02\/akbanksacbukum.jpg\" \/>\r\n<meta name=\"twitter:card\" content=\"summary_large_image\" \/>\r\n<meta name=\"twitter:label1\" content=\"Tahmini okuma s\u00fcresi\" \/>\n\t<meta name=\"twitter:data1\" content=\"1 dakika\" \/>\r\n<script type=\"application\/ld+json\" class=\"yoast-schema-graph\">{\"@context\":\"https:\/\/schema.org\",\"@graph\":[{\"@type\":\"WebPage\",\"@id\":\"https:\/\/isikdemir.com.tr\/index.php\/akbant-sac-bukum\/\",\"url\":\"https:\/\/isikdemir.com.tr\/index.php\/akbant-sac-bukum\/\",\"name\":\"AKBANT SAC B\u00dcK\u00dcM - I\u015eIK DEM\u0130R\",\"isPartOf\":{\"@id\":\"https:\/\/isikdemir.com.tr\/#website\"},\"primaryImageOfPage\":{\"@id\":\"https:\/\/isikdemir.com.tr\/index.php\/akbant-sac-bukum\/#primaryimage\"},\"image\":{\"@id\":\"https:\/\/isikdemir.com.tr\/index.php\/akbant-sac-bukum\/#primaryimage\"},\"thumbnailUrl\":\"http:\/\/isikdemir.com.tr\/wp-content\/uploads\/2025\/02\/akbanksacbukum.jpg\",\"datePublished\":\"2024-12-19T20:36:53+00:00\",\"dateModified\":\"2025-03-06T22:01:13+00:00\",\"breadcrumb\":{\"@id\":\"https:\/\/isikdemir.com.tr\/index.php\/akbant-sac-bukum\/#breadcrumb\"},\"inLanguage\":\"tr\",\"potentialAction\":[{\"@type\":\"ReadAction\",\"target\":[\"https:\/\/isikdemir.com.tr\/index.php\/akbant-sac-bukum\/\"]}]},{\"@type\":\"ImageObject\",\"inLanguage\":\"tr\",\"@id\":\"https:\/\/isikdemir.com.tr\/index.php\/akbant-sac-bukum\/#primaryimage\",\"url\":\"https:\/\/isikdemir.com.tr\/wp-content\/uploads\/2025\/02\/akbanksacbukum.jpg\",\"contentUrl\":\"https:\/\/isikdemir.com.tr\/wp-content\/uploads\/2025\/02\/akbanksacbukum.jpg\",\"width\":475,\"height\":600},{\"@type\":\"BreadcrumbList\",\"@id\":\"https:\/\/isikdemir.com.tr\/index.php\/akbant-sac-bukum\/#breadcrumb\",\"itemListElement\":[{\"@type\":\"ListItem\",\"position\":1,\"name\":\"Anasayfa\",\"item\":\"https:\/\/isikdemir.com.tr\/\"},{\"@type\":\"ListItem\",\"position\":2,\"name\":\"AKBANT SAC B\u00dcK\u00dcM\"}]},{\"@type\":\"WebSite\",\"@id\":\"https:\/\/isikdemir.com.tr\/#website\",\"url\":\"https:\/\/isikdemir.com.tr\/\",\"name\":\"I\u015eIK BORU PROF\u0130L\",\"description\":\"I\u015eIK BORU PROF\u0130L\",\"publisher\":{\"@id\":\"https:\/\/isikdemir.com.tr\/#organization\"},\"potentialAction\":[{\"@type\":\"SearchAction\",\"target\":{\"@type\":\"EntryPoint\",\"urlTemplate\":\"https:\/\/isikdemir.com.tr\/?s={search_term_string}\"},\"query-input\":{\"@type\":\"PropertyValueSpecification\",\"valueRequired\":true,\"valueName\":\"search_term_string\"}}],\"inLanguage\":\"tr\"},{\"@type\":\"Organization\",\"@id\":\"https:\/\/isikdemir.com.tr\/#organization\",\"name\":\"I\u015eIK BORU PROF\u0130L\",\"url\":\"https:\/\/isikdemir.com.tr\/\",\"logo\":{\"@type\":\"ImageObject\",\"inLanguage\":\"tr\",\"@id\":\"https:\/\/isikdemir.com.tr\/#\/schema\/logo\/image\/\",\"url\":\"https:\/\/isikdemir.com.tr\/wp-content\/uploads\/2020\/02\/logo.png\",\"contentUrl\":\"https:\/\/isikdemir.com.tr\/wp-content\/uploads\/2020\/02\/logo.png\",\"width\":300,\"height\":57,\"caption\":\"I\u015eIK BORU PROF\u0130L\"},\"image\":{\"@id\":\"https:\/\/isikdemir.com.tr\/#\/schema\/logo\/image\/\"},\"sameAs\":[\"https:\/\/www.facebook.com\/p\/Ik-Demir-100092820544779\/?locale=tr_TR\"]}]}<\/script>\r\n<!-- \/ Yoast SEO plugin. -->","yoast_head_json":{"title":"AKBANT SAC B\u00dcK\u00dcM - I\u015eIK DEM\u0130R","robots":{"index":"index","follow":"follow","max-snippet":"max-snippet:-1","max-image-preview":"max-image-preview:large","max-video-preview":"max-video-preview:-1"},"canonical":"https:\/\/isikdemir.com.tr\/index.php\/akbant-sac-bukum\/","og_locale":"tr_TR","og_type":"article","og_title":"AKBANT SAC B\u00dcK\u00dcM - I\u015eIK DEM\u0130R","og_description":"CNC ABKANT B\u00dcK\u00dcM NED\u0130R? CNC Abkant pres, sac metal hammaddeyi b\u00fckerek istenen forma getiren bir sa\u00e7 \u015fekillendirme tezgah\u0131d\u0131r. Daha ilkel olan t\u00fcr\u00fc caka olarak adland\u0131r\u0131l\u0131r. Abkant b\u00fck\u00fcm tezgahlar\u0131 ile sac metal, iki kal\u0131p aras\u0131nda bas\u0131larak \u015fekil al\u0131r. Altta bulunan b\u00fcy\u00fck kal\u0131p di\u015fi kal\u0131pt\u0131r, \u00fcstteki ise erkek kal\u0131pt\u0131r. Farkl\u0131 tonajlarda ve geni\u015fliklerde modelleri vard\u0131r. \u00dcst kal\u0131p, [&hellip;]","og_url":"https:\/\/isikdemir.com.tr\/index.php\/akbant-sac-bukum\/","og_site_name":"I\u015eIK DEM\u0130R","article_publisher":"https:\/\/www.facebook.com\/p\/Ik-Demir-100092820544779\/?locale=tr_TR","article_modified_time":"2025-03-06T22:01:13+00:00","og_image":[{"url":"http:\/\/isikdemir.com.tr\/wp-content\/uploads\/2025\/02\/akbanksacbukum.jpg","type":"","width":"","height":""}],"twitter_card":"summary_large_image","twitter_misc":{"Tahmini okuma s\u00fcresi":"1 dakika"},"schema":{"@context":"https:\/\/schema.org","@graph":[{"@type":"WebPage","@id":"https:\/\/isikdemir.com.tr\/index.php\/akbant-sac-bukum\/","url":"https:\/\/isikdemir.com.tr\/index.php\/akbant-sac-bukum\/","name":"AKBANT SAC B\u00dcK\u00dcM - I\u015eIK DEM\u0130R","isPartOf":{"@id":"https:\/\/isikdemir.com.tr\/#website"},"primaryImageOfPage":{"@id":"https:\/\/isikdemir.com.tr\/index.php\/akbant-sac-bukum\/#primaryimage"},"image":{"@id":"https:\/\/isikdemir.com.tr\/index.php\/akbant-sac-bukum\/#primaryimage"},"thumbnailUrl":"http:\/\/isikdemir.com.tr\/wp-content\/uploads\/2025\/02\/akbanksacbukum.jpg","datePublished":"2024-12-19T20:36:53+00:00","dateModified":"2025-03-06T22:01:13+00:00","breadcrumb":{"@id":"https:\/\/isikdemir.com.tr\/index.php\/akbant-sac-bukum\/#breadcrumb"},"inLanguage":"tr","potentialAction":[{"@type":"ReadAction","target":["https:\/\/isikdemir.com.tr\/index.php\/akbant-sac-bukum\/"]}]},{"@type":"ImageObject","inLanguage":"tr","@id":"https:\/\/isikdemir.com.tr\/index.php\/akbant-sac-bukum\/#primaryimage","url":"https:\/\/isikdemir.com.tr\/wp-content\/uploads\/2025\/02\/akbanksacbukum.jpg","contentUrl":"https:\/\/isikdemir.com.tr\/wp-content\/uploads\/2025\/02\/akbanksacbukum.jpg","width":475,"height":600},{"@type":"BreadcrumbList","@id":"https:\/\/isikdemir.com.tr\/index.php\/akbant-sac-bukum\/#breadcrumb","itemListElement":[{"@type":"ListItem","position":1,"name":"Anasayfa","item":"https:\/\/isikdemir.com.tr\/"},{"@type":"ListItem","position":2,"name":"AKBANT SAC B\u00dcK\u00dcM"}]},{"@type":"WebSite","@id":"https:\/\/isikdemir.com.tr\/#website","url":"https:\/\/isikdemir.com.tr\/","name":"I\u015eIK BORU PROF\u0130L","description":"I\u015eIK BORU PROF\u0130L","publisher":{"@id":"https:\/\/isikdemir.com.tr\/#organization"},"potentialAction":[{"@type":"SearchAction","target":{"@type":"EntryPoint","urlTemplate":"https:\/\/isikdemir.com.tr\/?s={search_term_string}"},"query-input":{"@type":"PropertyValueSpecification","valueRequired":true,"valueName":"search_term_string"}}],"inLanguage":"tr"},{"@type":"Organization","@id":"https:\/\/isikdemir.com.tr\/#organization","name":"I\u015eIK BORU PROF\u0130L","url":"https:\/\/isikdemir.com.tr\/","logo":{"@type":"ImageObject","inLanguage":"tr","@id":"https:\/\/isikdemir.com.tr\/#\/schema\/logo\/image\/","url":"https:\/\/isikdemir.com.tr\/wp-content\/uploads\/2020\/02\/logo.png","contentUrl":"https:\/\/isikdemir.com.tr\/wp-content\/uploads\/2020\/02\/logo.png","width":300,"height":57,"caption":"I\u015eIK BORU PROF\u0130L"},"image":{"@id":"https:\/\/isikdemir.com.tr\/#\/schema\/logo\/image\/"},"sameAs":["https:\/\/www.facebook.com\/p\/Ik-Demir-100092820544779\/?locale=tr_TR"]}]}},"_links":{"self":[{"href":"https:\/\/isikdemir.com.tr\/index.php\/wp-json\/wp\/v2\/pages\/8234","targetHints":{"allow":["GET"]}}],"collection":[{"href":"https:\/\/isikdemir.com.tr\/index.php\/wp-json\/wp\/v2\/pages"}],"about":[{"href":"https:\/\/isikdemir.com.tr\/index.php\/wp-json\/wp\/v2\/types\/page"}],"author":[{"embeddable":true,"href":"https:\/\/isikdemir.com.tr\/index.php\/wp-json\/wp\/v2\/users\/1"}],"replies":[{"embeddable":true,"href":"https:\/\/isikdemir.com.tr\/index.php\/wp-json\/wp\/v2\/comments?post=8234"}],"version-history":[{"count":65,"href":"https:\/\/isikdemir.com.tr\/index.php\/wp-json\/wp\/v2\/pages\/8234\/revisions"}],"predecessor-version":[{"id":10446,"href":"https:\/\/isikdemir.com.tr\/index.php\/wp-json\/wp\/v2\/pages\/8234\/revisions\/10446"}],"wp:attachment":[{"href":"https:\/\/isikdemir.com.tr\/index.php\/wp-json\/wp\/v2\/media?parent=8234"}],"curies":[{"name":"wp","href":"https:\/\/api.w.org\/{rel}","templated":true}]}}