{"id":8115,"date":"2024-12-15T21:00:32","date_gmt":"2024-12-15T21:00:32","guid":{"rendered":"http:\/\/isikdemir.com.tr\/?page_id=8115"},"modified":"2025-03-10T20:56:45","modified_gmt":"2025-03-10T20:56:45","slug":"vizyon","status":"publish","type":"page","link":"https:\/\/isikdemir.com.tr\/index.php\/vizyon\/","title":{"rendered":"KAL\u0130TE POL\u0130T\u0130KAMIZ"},"content":{"rendered":"\t\t<div data-elementor-type=\"wp-page\" data-elementor-id=\"8115\" class=\"elementor elementor-8115\">\n\t\t\t\t        <section class=\"elementor-section elementor-top-section elementor-element elementor-element-62d1280e elementor-section-boxed elementor-section-height-default elementor-section-height-default ct-header-fixed-none ct-row-max-none\" data-id=\"62d1280e\" data-element_type=\"section\">\n            \n                        <div class=\"elementor-container elementor-column-gap-extended \">\n                    <div class=\"elementor-column elementor-col-50 elementor-top-column elementor-element elementor-element-7f77da38\" data-id=\"7f77da38\" data-element_type=\"column\">\n        <div class=\"elementor-widget-wrap elementor-element-populated\">\n                    \n        \t\t<div class=\"elementor-element elementor-element-536db81e elementor-widget elementor-widget-ct_heading\" data-id=\"536db81e\" data-element_type=\"widget\" data-widget_type=\"ct_heading.default\">\n\t\t\t\t<div class=\"elementor-widget-container\">\n\t\t\t\t\t<div id=\"ct_heading-536db81e\" class=\"ct-heading h-align- sub-style2 ct-heading-left item-st-line-left2\">\r\n\t<div class=\"ct-item--inner\">\r\n        <div class=\"ct-inline-css\"  data-css=\"\r\n            \">\r\n        <\/div>\r\n                <h3 class=\"item--title st-line-left2 wow wow fadeInUp\" data-wow-delay=\"ms\">\r\n                        <span class=\"sp-main\">\r\n                                    <i><\/i>\r\n                \r\n                I\u015eIK BORU PROF\u0130L\r\n                \r\n                            <\/span>\r\n                    <\/h3>\r\n    <\/div>\r\n<\/div>\t\t\t\t<\/div>\n\t\t\t\t<\/div>\n\t\t\t\t<div class=\"elementor-element elementor-element-206625df wow fadeInUp elementor-widget__width-initial elementor-widget elementor-widget-text-editor\" data-id=\"206625df\" data-element_type=\"widget\" data-widget_type=\"text-editor.default\">\n\t\t\t\t\t\t\t\t\t<p>\u0130\u015f disiplini ve m\u00fc\u015fteri ili\u015fkilerinde sa\u011flam bir yap\u0131 olu\u015fturarak sekt\u00f6rde \u00f6ne \u00e7\u0131kan \u015firketimiz, m\u00fc\u015fteri memnuniyeti kavram\u0131n\u0131n sadece ticari mal de\u011fil hizmet sekt\u00f6r\u00fcnde de vazge\u00e7ilmez bir \u015fart oldu\u011fu d\u00fc\u015f\u00fcncesiyle t\u00fcm m\u00fc\u015fterilerine birer i\u015f orta\u011f\u0131 gibi yakla\u015fmaktad\u0131r. Firmam\u0131z, di\u011fer tedarik\u00e7ilerden farkl\u0131 olarak, i\u015f ortaklar\u0131 ve m\u00fc\u015fterileri i\u00e7in her zaman en iyi, en h\u0131zl\u0131 ve en kaliteli servis anlay\u0131\u015f\u0131n\u0131 kendine g\u00f6rev edinmi\u015ftir.<\/p><p>Kuruldu\u011fu g\u00fcnden bu yana m\u00fc\u015fterileriyle birlikte b\u00fcy\u00fcyen I\u015f\u0131k Demir gelecek y\u0131llarda da ilkelerine sad\u0131k kalarak zengin \u00e7e\u015fit, kaliteli hizmet ve g\u00fcvenden asla taviz vermeyerek geli\u015fimini \u00e7ok daha ileri bir safhaya ta\u015f\u0131may\u0131 planlamaktad\u0131r.<\/p>\t\t\t\t\t\t\t\t<\/div>\n\t\t            <\/div>\n        <\/div>\n                <div class=\"elementor-column elementor-col-50 elementor-top-column elementor-element elementor-element-e348a57\" data-id=\"e348a57\" data-element_type=\"column\">\n        <div class=\"elementor-widget-wrap elementor-element-populated\">\n                    \n        \t\t<div class=\"elementor-element elementor-element-28dee457 wow fadeInRight elementor-widget__width-initial elementor-widget elementor-widget-image\" data-id=\"28dee457\" data-element_type=\"widget\" data-widget_type=\"image.default\">\n\t\t\t\t\t\t\t\t\t\t\t\t\t\t\t<img fetchpriority=\"high\" decoding=\"async\" width=\"558\" height=\"568\" src=\"https:\/\/isikdemir.com.tr\/wp-content\/uploads\/2024\/12\/3.jpg\" class=\"attachment-full size-full wp-image-7950\" alt=\"\" srcset=\"https:\/\/isikdemir.com.tr\/wp-content\/uploads\/2024\/12\/3.jpg 558w, https:\/\/isikdemir.com.tr\/wp-content\/uploads\/2024\/12\/3-295x300.jpg 295w\" sizes=\"(max-width: 558px) 100vw, 558px\" \/>\t\t\t\t\t\t\t\t\t\t\t\t\t\t\t<\/div>\n\t\t            <\/div>\n        <\/div>\n                    <\/div>\n        <\/section>\n                <section class=\"elementor-section elementor-top-section elementor-element elementor-element-5f149ad elementor-section-boxed elementor-section-height-default elementor-section-height-default ct-header-fixed-none ct-row-max-none\" data-id=\"5f149ad\" data-element_type=\"section\">\n            \n                        <div class=\"elementor-container elementor-column-gap-extended \">\n                    <div class=\"elementor-column elementor-col-100 elementor-top-column elementor-element elementor-element-3a1b8c22\" data-id=\"3a1b8c22\" data-element_type=\"column\">\n        <div class=\"elementor-widget-wrap elementor-element-populated\">\n                    \n        \t\t<div class=\"elementor-element elementor-element-965ae2a elementor-widget elementor-widget-ct_cta\" data-id=\"965ae2a\" data-element_type=\"widget\" data-widget_type=\"ct_cta.default\">\n\t\t\t\t<div class=\"elementor-widget-container\">\n\t\t\t\t\t<div class=\"ct-cta1 \">\r\n            <div class=\"item--holder\">\r\n            <span class=\"item--title\">G\u00fc\u00e7l\u00fc Stok, Zengin \u00c7e\u015fit, H\u0131zl\u0131 Teslimat, 100% Memnuniyet.<\/span>\r\n            <span class=\"item--desc\"><\/span>\r\n        <\/div>\r\n        <\/div>\r\n\t\t\t\t<\/div>\n\t\t\t\t<\/div>\n\t\t            <\/div>\n        <\/div>\n                    <\/div>\n        <\/section>\n        \t\t<\/div>\n\t\t","protected":false},"excerpt":{"rendered":"<p>I\u015eIK BORU PROF\u0130L \u0130\u015f disiplini ve m\u00fc\u015fteri ili\u015fkilerinde sa\u011flam bir yap\u0131 olu\u015fturarak sekt\u00f6rde \u00f6ne \u00e7\u0131kan \u015firketimiz, m\u00fc\u015fteri memnuniyeti kavram\u0131n\u0131n sadece ticari mal de\u011fil hizmet sekt\u00f6r\u00fcnde de vazge\u00e7ilmez bir \u015fart oldu\u011fu d\u00fc\u015f\u00fcncesiyle t\u00fcm m\u00fc\u015fterilerine birer i\u015f orta\u011f\u0131 gibi yakla\u015fmaktad\u0131r. Firmam\u0131z, di\u011fer tedarik\u00e7ilerden farkl\u0131 olarak, i\u015f ortaklar\u0131 ve m\u00fc\u015fterileri i\u00e7in her zaman en iyi, en h\u0131zl\u0131 ve [&hellip;]<\/p>\n","protected":false},"author":1,"featured_media":8043,"parent":0,"menu_order":0,"comment_status":"closed","ping_status":"closed","template":"","meta":{"footnotes":""},"class_list":["post-8115","page","type-page","status-publish","has-post-thumbnail","hentry"],"yoast_head":"<!-- This site is optimized with the Yoast SEO plugin v24.3 - https:\/\/yoast.com\/wordpress\/plugins\/seo\/ -->\r\n<title>KAL\u0130TE POL\u0130T\u0130KAMIZ - I\u015eIK DEM\u0130R<\/title>\r\n<meta name=\"robots\" content=\"index, follow, max-snippet:-1, max-image-preview:large, max-video-preview:-1\" \/>\r\n<link rel=\"canonical\" href=\"https:\/\/isikdemir.com.tr\/index.php\/vizyon\/\" \/>\r\n<meta property=\"og:locale\" content=\"tr_TR\" \/>\r\n<meta property=\"og:type\" content=\"article\" \/>\r\n<meta property=\"og:title\" content=\"KAL\u0130TE POL\u0130T\u0130KAMIZ - I\u015eIK DEM\u0130R\" \/>\r\n<meta property=\"og:description\" content=\"I\u015eIK BORU PROF\u0130L \u0130\u015f disiplini ve m\u00fc\u015fteri ili\u015fkilerinde sa\u011flam bir yap\u0131 olu\u015fturarak sekt\u00f6rde \u00f6ne \u00e7\u0131kan \u015firketimiz, m\u00fc\u015fteri memnuniyeti kavram\u0131n\u0131n sadece ticari mal de\u011fil hizmet sekt\u00f6r\u00fcnde de vazge\u00e7ilmez bir \u015fart oldu\u011fu d\u00fc\u015f\u00fcncesiyle t\u00fcm m\u00fc\u015fterilerine birer i\u015f orta\u011f\u0131 gibi yakla\u015fmaktad\u0131r. Firmam\u0131z, di\u011fer tedarik\u00e7ilerden farkl\u0131 olarak, i\u015f ortaklar\u0131 ve m\u00fc\u015fterileri i\u00e7in her zaman en iyi, en h\u0131zl\u0131 ve [&hellip;]\" \/>\r\n<meta property=\"og:url\" content=\"https:\/\/isikdemir.com.tr\/index.php\/vizyon\/\" \/>\r\n<meta property=\"og:site_name\" content=\"I\u015eIK DEM\u0130R\" \/>\r\n<meta property=\"article:publisher\" content=\"https:\/\/www.facebook.com\/p\/Ik-Demir-100092820544779\/?locale=tr_TR\" \/>\r\n<meta property=\"article:modified_time\" content=\"2025-03-10T20:56:45+00:00\" \/>\r\n<meta property=\"og:image\" content=\"https:\/\/isikdemir.com.tr\/wp-content\/uploads\/2024\/12\/lazerkesim-1.jpg\" \/>\r\n\t<meta property=\"og:image:width\" content=\"1498\" \/>\r\n\t<meta property=\"og:image:height\" content=\"440\" \/>\r\n\t<meta property=\"og:image:type\" content=\"image\/jpeg\" \/>\r\n<meta name=\"twitter:card\" content=\"summary_large_image\" \/>\r\n<meta name=\"twitter:label1\" content=\"Tahmini okuma s\u00fcresi\" \/>\n\t<meta name=\"twitter:data1\" content=\"1 dakika\" \/>\r\n<script type=\"application\/ld+json\" class=\"yoast-schema-graph\">{\"@context\":\"https:\/\/schema.org\",\"@graph\":[{\"@type\":\"WebPage\",\"@id\":\"https:\/\/isikdemir.com.tr\/index.php\/vizyon\/\",\"url\":\"https:\/\/isikdemir.com.tr\/index.php\/vizyon\/\",\"name\":\"KAL\u0130TE POL\u0130T\u0130KAMIZ - I\u015eIK DEM\u0130R\",\"isPartOf\":{\"@id\":\"https:\/\/isikdemir.com.tr\/#website\"},\"primaryImageOfPage\":{\"@id\":\"https:\/\/isikdemir.com.tr\/index.php\/vizyon\/#primaryimage\"},\"image\":{\"@id\":\"https:\/\/isikdemir.com.tr\/index.php\/vizyon\/#primaryimage\"},\"thumbnailUrl\":\"https:\/\/isikdemir.com.tr\/wp-content\/uploads\/2024\/12\/lazerkesim-1.jpg\",\"datePublished\":\"2024-12-15T21:00:32+00:00\",\"dateModified\":\"2025-03-10T20:56:45+00:00\",\"breadcrumb\":{\"@id\":\"https:\/\/isikdemir.com.tr\/index.php\/vizyon\/#breadcrumb\"},\"inLanguage\":\"tr\",\"potentialAction\":[{\"@type\":\"ReadAction\",\"target\":[\"https:\/\/isikdemir.com.tr\/index.php\/vizyon\/\"]}]},{\"@type\":\"ImageObject\",\"inLanguage\":\"tr\",\"@id\":\"https:\/\/isikdemir.com.tr\/index.php\/vizyon\/#primaryimage\",\"url\":\"https:\/\/isikdemir.com.tr\/wp-content\/uploads\/2024\/12\/lazerkesim-1.jpg\",\"contentUrl\":\"https:\/\/isikdemir.com.tr\/wp-content\/uploads\/2024\/12\/lazerkesim-1.jpg\",\"width\":1498,\"height\":440},{\"@type\":\"BreadcrumbList\",\"@id\":\"https:\/\/isikdemir.com.tr\/index.php\/vizyon\/#breadcrumb\",\"itemListElement\":[{\"@type\":\"ListItem\",\"position\":1,\"name\":\"Anasayfa\",\"item\":\"https:\/\/isikdemir.com.tr\/\"},{\"@type\":\"ListItem\",\"position\":2,\"name\":\"KAL\u0130TE POL\u0130T\u0130KAMIZ\"}]},{\"@type\":\"WebSite\",\"@id\":\"https:\/\/isikdemir.com.tr\/#website\",\"url\":\"https:\/\/isikdemir.com.tr\/\",\"name\":\"I\u015eIK BORU PROF\u0130L\",\"description\":\"I\u015eIK BORU PROF\u0130L\",\"publisher\":{\"@id\":\"https:\/\/isikdemir.com.tr\/#organization\"},\"potentialAction\":[{\"@type\":\"SearchAction\",\"target\":{\"@type\":\"EntryPoint\",\"urlTemplate\":\"https:\/\/isikdemir.com.tr\/?s={search_term_string}\"},\"query-input\":{\"@type\":\"PropertyValueSpecification\",\"valueRequired\":true,\"valueName\":\"search_term_string\"}}],\"inLanguage\":\"tr\"},{\"@type\":\"Organization\",\"@id\":\"https:\/\/isikdemir.com.tr\/#organization\",\"name\":\"I\u015eIK BORU PROF\u0130L\",\"url\":\"https:\/\/isikdemir.com.tr\/\",\"logo\":{\"@type\":\"ImageObject\",\"inLanguage\":\"tr\",\"@id\":\"https:\/\/isikdemir.com.tr\/#\/schema\/logo\/image\/\",\"url\":\"https:\/\/isikdemir.com.tr\/wp-content\/uploads\/2020\/02\/logo.png\",\"contentUrl\":\"https:\/\/isikdemir.com.tr\/wp-content\/uploads\/2020\/02\/logo.png\",\"width\":300,\"height\":57,\"caption\":\"I\u015eIK BORU PROF\u0130L\"},\"image\":{\"@id\":\"https:\/\/isikdemir.com.tr\/#\/schema\/logo\/image\/\"},\"sameAs\":[\"https:\/\/www.facebook.com\/p\/Ik-Demir-100092820544779\/?locale=tr_TR\"]}]}<\/script>\r\n<!-- \/ Yoast SEO plugin. -->","yoast_head_json":{"title":"KAL\u0130TE POL\u0130T\u0130KAMIZ - I\u015eIK DEM\u0130R","robots":{"index":"index","follow":"follow","max-snippet":"max-snippet:-1","max-image-preview":"max-image-preview:large","max-video-preview":"max-video-preview:-1"},"canonical":"https:\/\/isikdemir.com.tr\/index.php\/vizyon\/","og_locale":"tr_TR","og_type":"article","og_title":"KAL\u0130TE POL\u0130T\u0130KAMIZ - I\u015eIK DEM\u0130R","og_description":"I\u015eIK BORU PROF\u0130L \u0130\u015f disiplini ve m\u00fc\u015fteri ili\u015fkilerinde sa\u011flam bir yap\u0131 olu\u015fturarak sekt\u00f6rde \u00f6ne \u00e7\u0131kan \u015firketimiz, m\u00fc\u015fteri memnuniyeti kavram\u0131n\u0131n sadece ticari mal de\u011fil hizmet sekt\u00f6r\u00fcnde de vazge\u00e7ilmez bir \u015fart oldu\u011fu d\u00fc\u015f\u00fcncesiyle t\u00fcm m\u00fc\u015fterilerine birer i\u015f orta\u011f\u0131 gibi yakla\u015fmaktad\u0131r. Firmam\u0131z, di\u011fer tedarik\u00e7ilerden farkl\u0131 olarak, i\u015f ortaklar\u0131 ve m\u00fc\u015fterileri i\u00e7in her zaman en iyi, en h\u0131zl\u0131 ve [&hellip;]","og_url":"https:\/\/isikdemir.com.tr\/index.php\/vizyon\/","og_site_name":"I\u015eIK DEM\u0130R","article_publisher":"https:\/\/www.facebook.com\/p\/Ik-Demir-100092820544779\/?locale=tr_TR","article_modified_time":"2025-03-10T20:56:45+00:00","og_image":[{"width":1498,"height":440,"url":"https:\/\/isikdemir.com.tr\/wp-content\/uploads\/2024\/12\/lazerkesim-1.jpg","type":"image\/jpeg"}],"twitter_card":"summary_large_image","twitter_misc":{"Tahmini okuma s\u00fcresi":"1 dakika"},"schema":{"@context":"https:\/\/schema.org","@graph":[{"@type":"WebPage","@id":"https:\/\/isikdemir.com.tr\/index.php\/vizyon\/","url":"https:\/\/isikdemir.com.tr\/index.php\/vizyon\/","name":"KAL\u0130TE POL\u0130T\u0130KAMIZ - I\u015eIK DEM\u0130R","isPartOf":{"@id":"https:\/\/isikdemir.com.tr\/#website"},"primaryImageOfPage":{"@id":"https:\/\/isikdemir.com.tr\/index.php\/vizyon\/#primaryimage"},"image":{"@id":"https:\/\/isikdemir.com.tr\/index.php\/vizyon\/#primaryimage"},"thumbnailUrl":"https:\/\/isikdemir.com.tr\/wp-content\/uploads\/2024\/12\/lazerkesim-1.jpg","datePublished":"2024-12-15T21:00:32+00:00","dateModified":"2025-03-10T20:56:45+00:00","breadcrumb":{"@id":"https:\/\/isikdemir.com.tr\/index.php\/vizyon\/#breadcrumb"},"inLanguage":"tr","potentialAction":[{"@type":"ReadAction","target":["https:\/\/isikdemir.com.tr\/index.php\/vizyon\/"]}]},{"@type":"ImageObject","inLanguage":"tr","@id":"https:\/\/isikdemir.com.tr\/index.php\/vizyon\/#primaryimage","url":"https:\/\/isikdemir.com.tr\/wp-content\/uploads\/2024\/12\/lazerkesim-1.jpg","contentUrl":"https:\/\/isikdemir.com.tr\/wp-content\/uploads\/2024\/12\/lazerkesim-1.jpg","width":1498,"height":440},{"@type":"BreadcrumbList","@id":"https:\/\/isikdemir.com.tr\/index.php\/vizyon\/#breadcrumb","itemListElement":[{"@type":"ListItem","position":1,"name":"Anasayfa","item":"https:\/\/isikdemir.com.tr\/"},{"@type":"ListItem","position":2,"name":"KAL\u0130TE POL\u0130T\u0130KAMIZ"}]},{"@type":"WebSite","@id":"https:\/\/isikdemir.com.tr\/#website","url":"https:\/\/isikdemir.com.tr\/","name":"I\u015eIK BORU PROF\u0130L","description":"I\u015eIK BORU PROF\u0130L","publisher":{"@id":"https:\/\/isikdemir.com.tr\/#organization"},"potentialAction":[{"@type":"SearchAction","target":{"@type":"EntryPoint","urlTemplate":"https:\/\/isikdemir.com.tr\/?s={search_term_string}"},"query-input":{"@type":"PropertyValueSpecification","valueRequired":true,"valueName":"search_term_string"}}],"inLanguage":"tr"},{"@type":"Organization","@id":"https:\/\/isikdemir.com.tr\/#organization","name":"I\u015eIK BORU PROF\u0130L","url":"https:\/\/isikdemir.com.tr\/","logo":{"@type":"ImageObject","inLanguage":"tr","@id":"https:\/\/isikdemir.com.tr\/#\/schema\/logo\/image\/","url":"https:\/\/isikdemir.com.tr\/wp-content\/uploads\/2020\/02\/logo.png","contentUrl":"https:\/\/isikdemir.com.tr\/wp-content\/uploads\/2020\/02\/logo.png","width":300,"height":57,"caption":"I\u015eIK BORU PROF\u0130L"},"image":{"@id":"https:\/\/isikdemir.com.tr\/#\/schema\/logo\/image\/"},"sameAs":["https:\/\/www.facebook.com\/p\/Ik-Demir-100092820544779\/?locale=tr_TR"]}]}},"_links":{"self":[{"href":"https:\/\/isikdemir.com.tr\/index.php\/wp-json\/wp\/v2\/pages\/8115","targetHints":{"allow":["GET"]}}],"collection":[{"href":"https:\/\/isikdemir.com.tr\/index.php\/wp-json\/wp\/v2\/pages"}],"about":[{"href":"https:\/\/isikdemir.com.tr\/index.php\/wp-json\/wp\/v2\/types\/page"}],"author":[{"embeddable":true,"href":"https:\/\/isikdemir.com.tr\/index.php\/wp-json\/wp\/v2\/users\/1"}],"replies":[{"embeddable":true,"href":"https:\/\/isikdemir.com.tr\/index.php\/wp-json\/wp\/v2\/comments?post=8115"}],"version-history":[{"count":22,"href":"https:\/\/isikdemir.com.tr\/index.php\/wp-json\/wp\/v2\/pages\/8115\/revisions"}],"predecessor-version":[{"id":10324,"href":"https:\/\/isikdemir.com.tr\/index.php\/wp-json\/wp\/v2\/pages\/8115\/revisions\/10324"}],"wp:featuredmedia":[{"embeddable":true,"href":"https:\/\/isikdemir.com.tr\/index.php\/wp-json\/wp\/v2\/media\/8043"}],"wp:attachment":[{"href":"https:\/\/isikdemir.com.tr\/index.php\/wp-json\/wp\/v2\/media?parent=8115"}],"curies":[{"name":"wp","href":"https:\/\/api.w.org\/{rel}","templated":true}]}}