{"id":8028,"date":"2024-12-19T20:22:42","date_gmt":"2024-12-19T20:22:42","guid":{"rendered":"http:\/\/isikdemir.com.tr\/?page_id=8028"},"modified":"2025-03-10T19:49:57","modified_gmt":"2025-03-10T19:49:57","slug":"gyotin-makas-kesim","status":"publish","type":"page","link":"https:\/\/isikdemir.com.tr\/index.php\/gyotin-makas-kesim\/","title":{"rendered":"GYOT\u0130N MAKAS KES\u0130M"},"content":{"rendered":"\t\t<div data-elementor-type=\"wp-page\" data-elementor-id=\"8028\" class=\"elementor elementor-8028\">\n\t\t\t\t        <section class=\"elementor-section elementor-top-section elementor-element elementor-element-56b78ce5 elementor-section-content-middle elementor-section-boxed elementor-section-height-default elementor-section-height-default ct-header-fixed-none ct-row-max-none\" data-id=\"56b78ce5\" data-element_type=\"section\">\n            \n                        <div class=\"elementor-container elementor-column-gap-extended \">\n                    <div class=\"elementor-column elementor-col-50 elementor-top-column elementor-element elementor-element-79979b71\" data-id=\"79979b71\" data-element_type=\"column\">\n        <div class=\"elementor-widget-wrap elementor-element-populated\">\n                    \n        \t\t<div class=\"elementor-element elementor-element-2a550ba8 elementor-widget elementor-widget-ct_heading\" data-id=\"2a550ba8\" data-element_type=\"widget\" data-widget_type=\"ct_heading.default\">\n\t\t\t\t<div class=\"elementor-widget-container\">\n\t\t\t\t\t<div id=\"ct_heading-2a550ba8\" class=\"ct-heading h-align- sub- ct-heading-left item-st-line-top1\">\r\n\t<div class=\"ct-item--inner\">\r\n        <div class=\"ct-inline-css\"  data-css=\"\r\n            \">\r\n        <\/div>\r\n                <h3 class=\"item--title st-line-top1 case-animate-time\" data-wow-delay=\"ms\">\r\n                            <div class=\"ct-heading-divider\"><span><\/span><\/div>\r\n                        <span class=\"sp-main\">\r\n                \r\n                G\u0130YOT\u0130N MAKAS KES\u0130M MAK\u0130NEM\u0130ZDE 10MM KALINLIKTA 4MT UZUNLUKTA SAC KES\u0130M\u0130 YAPILMAKTADIR.\r\n                \r\n                            <\/span>\r\n                    <\/h3>\r\n    <\/div>\r\n<\/div>\t\t\t\t<\/div>\n\t\t\t\t<\/div>\n\t\t            <\/div>\n        <\/div>\n                <div class=\"elementor-column elementor-col-50 elementor-top-column elementor-element elementor-element-5f070802\" data-id=\"5f070802\" data-element_type=\"column\">\n        <div class=\"elementor-widget-wrap elementor-element-populated\">\n                    \n        \t\t<div class=\"elementor-element elementor-element-29a0c6ab elementor-widget__width-initial elementor-widget elementor-widget-text-editor\" data-id=\"29a0c6ab\" data-element_type=\"widget\" data-widget_type=\"text-editor.default\">\n\t\t\t\t\t\t\t\t\t<p>Kesilmesi g\u00fc\u00e7 olan metal sac\u0131n, kopar\u0131lmak suretiyle i\u015flem g\u00f6rmesine giyotin makas kesim ad\u0131 verilir. Giyotin makaslardaki kesme i\u015flemi, g\u00fcnl\u00fck hayatta kulland\u0131\u011f\u0131m\u0131z makaslar ile ayn\u0131 prensibe sahiptir. Giyotin makaslar \u00e7ift b\u0131\u00e7a\u011fa sahiptir. Bu b\u0131\u00e7aklar sabit ve hareketli olmak \u00fczere ikiye ayr\u0131l\u0131r.Alt b\u0131\u00e7ak sabit dururken; \u00fcst b\u0131\u00e7ak hareket halindedir. Kesme yapan alt ve \u00fcst b\u0131\u00e7aklar aras\u0131nda bo\u015fluk bulunur. Bu bo\u015fluk, kesilecek sac\u0131n kal\u0131nl\u0131k \u00f6zelli\u011fine g\u00f6re de\u011fi\u015fir. Bu nedenle \u00e7ift tarafl\u0131 olarak da adland\u0131r\u0131l\u0131r.<\/p>\t\t\t\t\t\t\t\t<\/div>\n\t\t            <\/div>\n        <\/div>\n                    <\/div>\n        <\/section>\n                <section class=\"elementor-section elementor-top-section elementor-element elementor-element-7e03f0f elementor-section-boxed elementor-section-height-default elementor-section-height-default ct-header-fixed-none ct-row-max-none\" data-id=\"7e03f0f\" data-element_type=\"section\">\n            \n                        <div class=\"elementor-container elementor-column-gap-extended \">\n                    <div class=\"elementor-column elementor-col-100 elementor-top-column elementor-element elementor-element-ddc8a03\" data-id=\"ddc8a03\" data-element_type=\"column\">\n        <div class=\"elementor-widget-wrap elementor-element-populated\">\n                    \n        \t\t<div class=\"elementor-element elementor-element-6f53619 elementor-invisible elementor-widget elementor-widget-ct_gallery_carousel\" data-id=\"6f53619\" data-element_type=\"widget\" data-settings=\"{&quot;_animation&quot;:&quot;fadeInRight&quot;}\" data-widget_type=\"ct_gallery_carousel.default\">\n\t\t\t\t<div class=\"elementor-widget-container\">\n\t\t\t\t\t    <div class=\"ct-gallery-carousel1 ct-slick-slider\">\r\n        <div class=\"ct-carousel-inner\">\r\n            <div class=\"ct-slick-carousel\" data-arrows=\"\" data-dots=\"\" data-pauseOnHover=\"\" data-autoplay=\"\" data-autoplaySpeed=\"5000\" data-infinite=\"\" data-speed=\"500\" data-colxs=\"1\" data-colsm=\"2\" data-colmd=\"3\" data-collg=\"3\" data-colxl=\"3\" data-dir=\"false\" data-slidesToScroll=\"1\">\r\n                                    <div class=\"slick-slide\">\r\n                        <img fetchpriority=\"high\" decoding=\"async\" class=\"\" src=\"https:\/\/isikdemir.com.tr\/wp-content\/uploads\/2024\/12\/A-13883-475x600.jpg\" width=\"475\" height=\"600\" alt=\"A-13883\" title=\"A-13883\" \/>                    <\/div>\r\n                                    <div class=\"slick-slide\">\r\n                        <img decoding=\"async\" class=\"\" src=\"https:\/\/isikdemir.com.tr\/wp-content\/uploads\/2024\/12\/A-13608-475x600.jpg\" width=\"475\" height=\"600\" alt=\"A-13608\" title=\"A-13608\" \/>                    <\/div>\r\n                                    <div class=\"slick-slide\">\r\n                        <img decoding=\"async\" class=\"\" src=\"https:\/\/isikdemir.com.tr\/wp-content\/uploads\/2025\/02\/akbanksacbukum.jpg\" width=\"475\" height=\"600\" alt=\"akbanksacbukum\" title=\"akbanksacbukum\" \/>                    <\/div>\r\n                            <\/div>\r\n        <\/div>\r\n    <\/div>\r\n\t\t\t\t<\/div>\n\t\t\t\t<\/div>\n\t\t            <\/div>\n        <\/div>\n                    <\/div>\n        <\/section>\n                <section class=\"elementor-section elementor-top-section elementor-element elementor-element-25cce359 elementor-section-boxed elementor-section-height-default elementor-section-height-default ct-header-fixed-none ct-row-max-none\" data-id=\"25cce359\" data-element_type=\"section\">\n            \n                        <div class=\"elementor-container elementor-column-gap-default \">\n                    <div class=\"elementor-column elementor-col-100 elementor-top-column elementor-element elementor-element-10e640e9\" data-id=\"10e640e9\" data-element_type=\"column\">\n        <div class=\"elementor-widget-wrap elementor-element-populated\">\n                    \n        \t\t<div class=\"elementor-element elementor-element-6eb676f4 elementor-widget elementor-widget-text-editor\" data-id=\"6eb676f4\" data-element_type=\"widget\" data-widget_type=\"text-editor.default\">\n\t\t\t\t\t\t\t\t\t<p>Daha \u00f6nceden elle ger\u00e7ekle\u015ftirilen giyotin makaslar; g\u00fcn\u00fcm\u00fczde teknolojinin geli\u015fmesiyle birlikte, bilgisayar sistemi ile kesim yap\u0131l\u0131r. Giyotin makas asl\u0131nda bir tezg\u00e2ht\u0131r. Giyotin makas kesim, metal verilerinin sisteme girilmesiyle ger\u00e7ekle\u015ftirilir. Metalin ne kadar kal\u0131nl\u0131kta ve ne \u015fekilde kesilece\u011fi, bilgisayar say\u0131m y\u00f6netime eklenir. Giyotin makaslar\u0131n kesme kapasitesi bu nedenle \u00e7ok fazla de\u011fi\u015fiklik g\u00f6sterir. G\u00f6sterilen de\u011fi\u015fikli\u011fe ba\u011fl\u0131 olarak; \u00fcretim \u00f6l\u00e7\u00fcleri de de\u011fi\u015fir. \u00dcretimin bu \u015fekilde sistem i\u00e7erisinde yap\u0131lmas\u0131, standartl\u0131k sa\u011flar. B\u00f6ylece; hata olmadan seri \u015fekilde kesim i\u015flemi ger\u00e7ekle\u015ftirilir.<\/p>\t\t\t\t\t\t\t\t<\/div>\n\t\t            <\/div>\n        <\/div>\n                    <\/div>\n        <\/section>\n        \t\t<\/div>\n\t\t","protected":false},"excerpt":{"rendered":"<p>G\u0130YOT\u0130N MAKAS KES\u0130M MAK\u0130NEM\u0130ZDE 10MM KALINLIKTA 4MT UZUNLUKTA SAC KES\u0130M\u0130 YAPILMAKTADIR. Kesilmesi g\u00fc\u00e7 olan metal sac\u0131n, kopar\u0131lmak suretiyle i\u015flem g\u00f6rmesine giyotin makas kesim ad\u0131 verilir. Giyotin makaslardaki kesme i\u015flemi, g\u00fcnl\u00fck hayatta kulland\u0131\u011f\u0131m\u0131z makaslar ile ayn\u0131 prensibe sahiptir. Giyotin makaslar \u00e7ift b\u0131\u00e7a\u011fa sahiptir. Bu b\u0131\u00e7aklar sabit ve hareketli olmak \u00fczere ikiye ayr\u0131l\u0131r.Alt b\u0131\u00e7ak sabit dururken; \u00fcst [&hellip;]<\/p>\n","protected":false},"author":1,"featured_media":0,"parent":0,"menu_order":0,"comment_status":"closed","ping_status":"closed","template":"","meta":{"footnotes":""},"class_list":["post-8028","page","type-page","status-publish","hentry"],"yoast_head":"<!-- This site is optimized with the Yoast SEO plugin v24.3 - https:\/\/yoast.com\/wordpress\/plugins\/seo\/ -->\r\n<title>GYOT\u0130N MAKAS KES\u0130M - I\u015eIK DEM\u0130R<\/title>\r\n<meta name=\"robots\" content=\"index, follow, max-snippet:-1, max-image-preview:large, max-video-preview:-1\" \/>\r\n<link rel=\"canonical\" href=\"https:\/\/isikdemir.com.tr\/index.php\/gyotin-makas-kesim\/\" \/>\r\n<meta property=\"og:locale\" content=\"tr_TR\" \/>\r\n<meta property=\"og:type\" content=\"article\" \/>\r\n<meta property=\"og:title\" content=\"GYOT\u0130N MAKAS KES\u0130M - I\u015eIK DEM\u0130R\" \/>\r\n<meta property=\"og:description\" content=\"G\u0130YOT\u0130N MAKAS KES\u0130M MAK\u0130NEM\u0130ZDE 10MM KALINLIKTA 4MT UZUNLUKTA SAC KES\u0130M\u0130 YAPILMAKTADIR. Kesilmesi g\u00fc\u00e7 olan metal sac\u0131n, kopar\u0131lmak suretiyle i\u015flem g\u00f6rmesine giyotin makas kesim ad\u0131 verilir. Giyotin makaslardaki kesme i\u015flemi, g\u00fcnl\u00fck hayatta kulland\u0131\u011f\u0131m\u0131z makaslar ile ayn\u0131 prensibe sahiptir. Giyotin makaslar \u00e7ift b\u0131\u00e7a\u011fa sahiptir. Bu b\u0131\u00e7aklar sabit ve hareketli olmak \u00fczere ikiye ayr\u0131l\u0131r.Alt b\u0131\u00e7ak sabit dururken; \u00fcst [&hellip;]\" \/>\r\n<meta property=\"og:url\" content=\"https:\/\/isikdemir.com.tr\/index.php\/gyotin-makas-kesim\/\" \/>\r\n<meta property=\"og:site_name\" content=\"I\u015eIK DEM\u0130R\" \/>\r\n<meta property=\"article:publisher\" content=\"https:\/\/www.facebook.com\/p\/Ik-Demir-100092820544779\/?locale=tr_TR\" \/>\r\n<meta property=\"article:modified_time\" content=\"2025-03-10T19:49:57+00:00\" \/>\r\n<meta property=\"og:image\" content=\"http:\/\/isikdemir.com.tr\/wp-content\/uploads\/2024\/12\/A-13883-475x600.jpg\" \/>\r\n<meta name=\"twitter:card\" content=\"summary_large_image\" \/>\r\n<meta name=\"twitter:label1\" content=\"Tahmini okuma s\u00fcresi\" \/>\n\t<meta name=\"twitter:data1\" content=\"1 dakika\" \/>\r\n<script type=\"application\/ld+json\" class=\"yoast-schema-graph\">{\"@context\":\"https:\/\/schema.org\",\"@graph\":[{\"@type\":\"WebPage\",\"@id\":\"https:\/\/isikdemir.com.tr\/index.php\/gyotin-makas-kesim\/\",\"url\":\"https:\/\/isikdemir.com.tr\/index.php\/gyotin-makas-kesim\/\",\"name\":\"GYOT\u0130N MAKAS KES\u0130M - I\u015eIK DEM\u0130R\",\"isPartOf\":{\"@id\":\"https:\/\/isikdemir.com.tr\/#website\"},\"primaryImageOfPage\":{\"@id\":\"https:\/\/isikdemir.com.tr\/index.php\/gyotin-makas-kesim\/#primaryimage\"},\"image\":{\"@id\":\"https:\/\/isikdemir.com.tr\/index.php\/gyotin-makas-kesim\/#primaryimage\"},\"thumbnailUrl\":\"http:\/\/isikdemir.com.tr\/wp-content\/uploads\/2024\/12\/A-13883-475x600.jpg\",\"datePublished\":\"2024-12-19T20:22:42+00:00\",\"dateModified\":\"2025-03-10T19:49:57+00:00\",\"breadcrumb\":{\"@id\":\"https:\/\/isikdemir.com.tr\/index.php\/gyotin-makas-kesim\/#breadcrumb\"},\"inLanguage\":\"tr\",\"potentialAction\":[{\"@type\":\"ReadAction\",\"target\":[\"https:\/\/isikdemir.com.tr\/index.php\/gyotin-makas-kesim\/\"]}]},{\"@type\":\"ImageObject\",\"inLanguage\":\"tr\",\"@id\":\"https:\/\/isikdemir.com.tr\/index.php\/gyotin-makas-kesim\/#primaryimage\",\"url\":\"https:\/\/isikdemir.com.tr\/wp-content\/uploads\/2024\/12\/A-13883.jpg\",\"contentUrl\":\"https:\/\/isikdemir.com.tr\/wp-content\/uploads\/2024\/12\/A-13883.jpg\",\"width\":800,\"height\":600},{\"@type\":\"BreadcrumbList\",\"@id\":\"https:\/\/isikdemir.com.tr\/index.php\/gyotin-makas-kesim\/#breadcrumb\",\"itemListElement\":[{\"@type\":\"ListItem\",\"position\":1,\"name\":\"Anasayfa\",\"item\":\"https:\/\/isikdemir.com.tr\/\"},{\"@type\":\"ListItem\",\"position\":2,\"name\":\"GYOT\u0130N MAKAS KES\u0130M\"}]},{\"@type\":\"WebSite\",\"@id\":\"https:\/\/isikdemir.com.tr\/#website\",\"url\":\"https:\/\/isikdemir.com.tr\/\",\"name\":\"I\u015eIK BORU PROF\u0130L\",\"description\":\"I\u015eIK BORU PROF\u0130L\",\"publisher\":{\"@id\":\"https:\/\/isikdemir.com.tr\/#organization\"},\"potentialAction\":[{\"@type\":\"SearchAction\",\"target\":{\"@type\":\"EntryPoint\",\"urlTemplate\":\"https:\/\/isikdemir.com.tr\/?s={search_term_string}\"},\"query-input\":{\"@type\":\"PropertyValueSpecification\",\"valueRequired\":true,\"valueName\":\"search_term_string\"}}],\"inLanguage\":\"tr\"},{\"@type\":\"Organization\",\"@id\":\"https:\/\/isikdemir.com.tr\/#organization\",\"name\":\"I\u015eIK BORU PROF\u0130L\",\"url\":\"https:\/\/isikdemir.com.tr\/\",\"logo\":{\"@type\":\"ImageObject\",\"inLanguage\":\"tr\",\"@id\":\"https:\/\/isikdemir.com.tr\/#\/schema\/logo\/image\/\",\"url\":\"https:\/\/isikdemir.com.tr\/wp-content\/uploads\/2020\/02\/logo.png\",\"contentUrl\":\"https:\/\/isikdemir.com.tr\/wp-content\/uploads\/2020\/02\/logo.png\",\"width\":300,\"height\":57,\"caption\":\"I\u015eIK BORU PROF\u0130L\"},\"image\":{\"@id\":\"https:\/\/isikdemir.com.tr\/#\/schema\/logo\/image\/\"},\"sameAs\":[\"https:\/\/www.facebook.com\/p\/Ik-Demir-100092820544779\/?locale=tr_TR\"]}]}<\/script>\r\n<!-- \/ Yoast SEO plugin. -->","yoast_head_json":{"title":"GYOT\u0130N MAKAS KES\u0130M - I\u015eIK DEM\u0130R","robots":{"index":"index","follow":"follow","max-snippet":"max-snippet:-1","max-image-preview":"max-image-preview:large","max-video-preview":"max-video-preview:-1"},"canonical":"https:\/\/isikdemir.com.tr\/index.php\/gyotin-makas-kesim\/","og_locale":"tr_TR","og_type":"article","og_title":"GYOT\u0130N MAKAS KES\u0130M - I\u015eIK DEM\u0130R","og_description":"G\u0130YOT\u0130N MAKAS KES\u0130M MAK\u0130NEM\u0130ZDE 10MM KALINLIKTA 4MT UZUNLUKTA SAC KES\u0130M\u0130 YAPILMAKTADIR. Kesilmesi g\u00fc\u00e7 olan metal sac\u0131n, kopar\u0131lmak suretiyle i\u015flem g\u00f6rmesine giyotin makas kesim ad\u0131 verilir. Giyotin makaslardaki kesme i\u015flemi, g\u00fcnl\u00fck hayatta kulland\u0131\u011f\u0131m\u0131z makaslar ile ayn\u0131 prensibe sahiptir. Giyotin makaslar \u00e7ift b\u0131\u00e7a\u011fa sahiptir. Bu b\u0131\u00e7aklar sabit ve hareketli olmak \u00fczere ikiye ayr\u0131l\u0131r.Alt b\u0131\u00e7ak sabit dururken; \u00fcst [&hellip;]","og_url":"https:\/\/isikdemir.com.tr\/index.php\/gyotin-makas-kesim\/","og_site_name":"I\u015eIK DEM\u0130R","article_publisher":"https:\/\/www.facebook.com\/p\/Ik-Demir-100092820544779\/?locale=tr_TR","article_modified_time":"2025-03-10T19:49:57+00:00","og_image":[{"url":"http:\/\/isikdemir.com.tr\/wp-content\/uploads\/2024\/12\/A-13883-475x600.jpg","type":"","width":"","height":""}],"twitter_card":"summary_large_image","twitter_misc":{"Tahmini okuma s\u00fcresi":"1 dakika"},"schema":{"@context":"https:\/\/schema.org","@graph":[{"@type":"WebPage","@id":"https:\/\/isikdemir.com.tr\/index.php\/gyotin-makas-kesim\/","url":"https:\/\/isikdemir.com.tr\/index.php\/gyotin-makas-kesim\/","name":"GYOT\u0130N MAKAS KES\u0130M - I\u015eIK DEM\u0130R","isPartOf":{"@id":"https:\/\/isikdemir.com.tr\/#website"},"primaryImageOfPage":{"@id":"https:\/\/isikdemir.com.tr\/index.php\/gyotin-makas-kesim\/#primaryimage"},"image":{"@id":"https:\/\/isikdemir.com.tr\/index.php\/gyotin-makas-kesim\/#primaryimage"},"thumbnailUrl":"http:\/\/isikdemir.com.tr\/wp-content\/uploads\/2024\/12\/A-13883-475x600.jpg","datePublished":"2024-12-19T20:22:42+00:00","dateModified":"2025-03-10T19:49:57+00:00","breadcrumb":{"@id":"https:\/\/isikdemir.com.tr\/index.php\/gyotin-makas-kesim\/#breadcrumb"},"inLanguage":"tr","potentialAction":[{"@type":"ReadAction","target":["https:\/\/isikdemir.com.tr\/index.php\/gyotin-makas-kesim\/"]}]},{"@type":"ImageObject","inLanguage":"tr","@id":"https:\/\/isikdemir.com.tr\/index.php\/gyotin-makas-kesim\/#primaryimage","url":"https:\/\/isikdemir.com.tr\/wp-content\/uploads\/2024\/12\/A-13883.jpg","contentUrl":"https:\/\/isikdemir.com.tr\/wp-content\/uploads\/2024\/12\/A-13883.jpg","width":800,"height":600},{"@type":"BreadcrumbList","@id":"https:\/\/isikdemir.com.tr\/index.php\/gyotin-makas-kesim\/#breadcrumb","itemListElement":[{"@type":"ListItem","position":1,"name":"Anasayfa","item":"https:\/\/isikdemir.com.tr\/"},{"@type":"ListItem","position":2,"name":"GYOT\u0130N MAKAS KES\u0130M"}]},{"@type":"WebSite","@id":"https:\/\/isikdemir.com.tr\/#website","url":"https:\/\/isikdemir.com.tr\/","name":"I\u015eIK BORU PROF\u0130L","description":"I\u015eIK BORU PROF\u0130L","publisher":{"@id":"https:\/\/isikdemir.com.tr\/#organization"},"potentialAction":[{"@type":"SearchAction","target":{"@type":"EntryPoint","urlTemplate":"https:\/\/isikdemir.com.tr\/?s={search_term_string}"},"query-input":{"@type":"PropertyValueSpecification","valueRequired":true,"valueName":"search_term_string"}}],"inLanguage":"tr"},{"@type":"Organization","@id":"https:\/\/isikdemir.com.tr\/#organization","name":"I\u015eIK BORU PROF\u0130L","url":"https:\/\/isikdemir.com.tr\/","logo":{"@type":"ImageObject","inLanguage":"tr","@id":"https:\/\/isikdemir.com.tr\/#\/schema\/logo\/image\/","url":"https:\/\/isikdemir.com.tr\/wp-content\/uploads\/2020\/02\/logo.png","contentUrl":"https:\/\/isikdemir.com.tr\/wp-content\/uploads\/2020\/02\/logo.png","width":300,"height":57,"caption":"I\u015eIK BORU PROF\u0130L"},"image":{"@id":"https:\/\/isikdemir.com.tr\/#\/schema\/logo\/image\/"},"sameAs":["https:\/\/www.facebook.com\/p\/Ik-Demir-100092820544779\/?locale=tr_TR"]}]}},"_links":{"self":[{"href":"https:\/\/isikdemir.com.tr\/index.php\/wp-json\/wp\/v2\/pages\/8028","targetHints":{"allow":["GET"]}}],"collection":[{"href":"https:\/\/isikdemir.com.tr\/index.php\/wp-json\/wp\/v2\/pages"}],"about":[{"href":"https:\/\/isikdemir.com.tr\/index.php\/wp-json\/wp\/v2\/types\/page"}],"author":[{"embeddable":true,"href":"https:\/\/isikdemir.com.tr\/index.php\/wp-json\/wp\/v2\/users\/1"}],"replies":[{"embeddable":true,"href":"https:\/\/isikdemir.com.tr\/index.php\/wp-json\/wp\/v2\/comments?post=8028"}],"version-history":[{"count":38,"href":"https:\/\/isikdemir.com.tr\/index.php\/wp-json\/wp\/v2\/pages\/8028\/revisions"}],"predecessor-version":[{"id":10310,"href":"https:\/\/isikdemir.com.tr\/index.php\/wp-json\/wp\/v2\/pages\/8028\/revisions\/10310"}],"wp:attachment":[{"href":"https:\/\/isikdemir.com.tr\/index.php\/wp-json\/wp\/v2\/media?parent=8028"}],"curies":[{"name":"wp","href":"https:\/\/api.w.org\/{rel}","templated":true}]}}