{"id":3502,"date":"2020-02-07T02:18:13","date_gmt":"2020-02-07T02:18:13","guid":{"rendered":"https:\/\/demo.casethemes.net\/consultio\/?page_id=3502"},"modified":"2020-02-07T02:18:13","modified_gmt":"2020-02-07T02:18:13","slug":"testimonials-v-4","status":"publish","type":"page","link":"https:\/\/isikdemir.com.tr\/index.php\/testimonials-v-4\/","title":{"rendered":"Testimonials v.4"},"content":{"rendered":"\t\t<div data-elementor-type=\"wp-page\" data-elementor-id=\"3502\" class=\"elementor elementor-3502\">\n\t\t\t\t        <section class=\"elementor-section elementor-top-section elementor-element elementor-element-2951602 elementor-section-boxed elementor-section-height-default elementor-section-height-default ct-header-fixed-none ct-row-max-none\" data-id=\"2951602\" data-element_type=\"section\">\n            \n                        <div class=\"elementor-container elementor-column-gap-extended \">\n                    <div class=\"elementor-column elementor-col-100 elementor-top-column elementor-element elementor-element-641bb4e0\" data-id=\"641bb4e0\" data-element_type=\"column\">\n        <div class=\"elementor-widget-wrap elementor-element-populated\">\n                    \n                <section class=\"elementor-section elementor-inner-section elementor-element elementor-element-3d76e6b elementor-section-content-middle elementor-section-boxed elementor-section-height-default elementor-section-height-default ct-header-fixed-none ct-row-max-none\" data-id=\"3d76e6b\" data-element_type=\"section\">\n            \n                        <div class=\"elementor-container elementor-column-gap-extended \">\n                    <div class=\"elementor-column elementor-col-50 elementor-inner-column elementor-element elementor-element-4429daa1\" data-id=\"4429daa1\" data-element_type=\"column\">\n        <div class=\"elementor-widget-wrap elementor-element-populated\">\n                    \n        \t\t<div class=\"elementor-element elementor-element-d999afc elementor-widget elementor-widget-ct_heading\" data-id=\"d999afc\" data-element_type=\"widget\" data-widget_type=\"ct_heading.default\">\n\t\t\t\t<div class=\"elementor-widget-container\">\n\t\t\t\t\t<div id=\"ct_heading-d999afc\" class=\"ct-heading h-align- sub-style2 ct-heading-left item-st-default\">\r\n\t<div class=\"ct-item--inner\">\r\n        <div class=\"ct-inline-css\"  data-css=\"\r\n            \">\r\n        <\/div>\r\n            \t\t<div class=\"item--sub-title style2 show-line\">\r\n                                                Testimonial                                                            <\/div>\r\n    \t        <h3 class=\"item--title st-default wow wow fadeInLeft\" data-wow-delay=\"ms\">\r\n                        <span class=\"sp-main\">\r\n                \r\n                It\u2019s always a joy to hear that the work we do, has positively reviews.\r\n                \r\n                            <\/span>\r\n                    <\/h3>\r\n    <\/div>\r\n<\/div>\t\t\t\t<\/div>\n\t\t\t\t<\/div>\n\t\t            <\/div>\n        <\/div>\n                <div class=\"elementor-column elementor-col-50 elementor-inner-column elementor-element elementor-element-7aa83023\" data-id=\"7aa83023\" data-element_type=\"column\">\n        <div class=\"elementor-widget-wrap elementor-element-populated\">\n                    \n        \t\t<div class=\"elementor-element elementor-element-1011a43d wow fadeInRight elementor-widget elementor-widget-text-editor\" data-id=\"1011a43d\" data-element_type=\"widget\" data-widget_type=\"text-editor.default\">\n\t\t\t\t\t\t\t\t\tWe have spent 9 years working for one of Australia\u2019s most\nrecognised and successful retailers so we have many good\nreview of works.\t\t\t\t\t\t\t\t<\/div>\n\t\t            <\/div>\n        <\/div>\n                    <\/div>\n        <\/section>\n        \t\t<div class=\"elementor-element elementor-element-467b22a1 elementor-widget elementor-widget-ct_testimonial_grid\" data-id=\"467b22a1\" data-element_type=\"widget\" data-widget_type=\"ct_testimonial_grid.default\">\n\t\t\t\t<div class=\"elementor-widget-container\">\n\t\t\t\t\t    <div class=\"ct-grid ct-testimonial-grid4\">\r\n        <div class=\"ct-grid-inner ct-grid-masonry row animate-time\" data-gutter=\"7\">\r\n                            <div class=\"grid-item col-xl-6 col-lg-6 col-md-6 col-sm-12 col-12\">\r\n                    <div class=\"item--inner wow fadeInUp\">\r\n                        <div class=\"item--holder\">\r\n                                                            <div class=\"item--image\">\r\n                                                                        <div class=\"item--social\">\r\n                                                                                        <a href=\"#\"><i class=\"fa fa-facebook-square\"><\/i><\/a>\r\n                                                                                <\/div>\r\n                                <\/div>\r\n                                                        <div class=\"item--meta\">\r\n                                <h3 class=\"item--title\">    \r\n                                    Donald Johnson                                <\/h3>\r\n                                <div class=\"item--position\">Executive Manager<\/div>\r\n                            <\/div>\r\n                        <\/div>\r\n                        <div class=\"item--content\">\r\n                            <div class=\"item-icon\">\u201c<\/div>\r\n                            <div class=\"item--description\">I had the pleasure of working with Consultio as part of a \n6 month \u2018Regional Retail Leadership Program\u2019. Her passion for leadership development is evident to help others.<\/div>\r\n                            <div class=\"item-rating\">\r\n                                <i class=\"fac fac-star\"><\/i>\r\n                                <i class=\"fac fac-star\"><\/i>\r\n                                <i class=\"fac fac-star\"><\/i>\r\n                                <i class=\"fac fac-star\"><\/i>\r\n                                <i class=\"fac fac-star\"><\/i>\r\n                            <\/div>\r\n                        <\/div>\r\n                   <\/div>\r\n                <\/div>\r\n                            <div class=\"grid-item col-xl-6 col-lg-6 col-md-6 col-sm-12 col-12\">\r\n                    <div class=\"item--inner wow fadeInUp\">\r\n                        <div class=\"item--holder\">\r\n                                                            <div class=\"item--image\">\r\n                                                                        <div class=\"item--social\">\r\n                                                                                        <a href=\"\"><i class=\"fa fa-facebook-square\"><\/i><\/a>\r\n                                                                                <\/div>\r\n                                <\/div>\r\n                                                        <div class=\"item--meta\">\r\n                                <h3 class=\"item--title\">    \r\n                                    Kathleen Smith                                <\/h3>\r\n                                <div class=\"item--position\">SEO Manager<\/div>\r\n                            <\/div>\r\n                        <\/div>\r\n                        <div class=\"item--content\">\r\n                            <div class=\"item-icon\">\u201c<\/div>\r\n                            <div class=\"item--description\">I had the pleasure of working with Consultio as part of a \n6 month \u2018Regional Retail Leadership Program\u2019. Her passion for leadership development is evident to help others.<\/div>\r\n                            <div class=\"item-rating\">\r\n                                <i class=\"fac fac-star\"><\/i>\r\n                                <i class=\"fac fac-star\"><\/i>\r\n                                <i class=\"fac fac-star\"><\/i>\r\n                                <i class=\"fac fac-star\"><\/i>\r\n                                <i class=\"fac fac-star\"><\/i>\r\n                            <\/div>\r\n                        <\/div>\r\n                   <\/div>\r\n                <\/div>\r\n                            <div class=\"grid-item col-xl-6 col-lg-6 col-md-6 col-sm-12 col-12\">\r\n                    <div class=\"item--inner wow fadeInUp\">\r\n                        <div class=\"item--holder\">\r\n                                                            <div class=\"item--image\">\r\n                                                                        <div class=\"item--social\">\r\n                                                                                        <a href=\"\"><i class=\"fa fa-whatsapp\"><\/i><\/a>\r\n                                                                                <\/div>\r\n                                <\/div>\r\n                                                        <div class=\"item--meta\">\r\n                                <h3 class=\"item--title\">    \r\n                                    Jewel D Smith                                <\/h3>\r\n                                <div class=\"item--position\">Executive Manager<\/div>\r\n                            <\/div>\r\n                        <\/div>\r\n                        <div class=\"item--content\">\r\n                            <div class=\"item-icon\">\u201c<\/div>\r\n                            <div class=\"item--description\">I had the pleasure of working with Consultio as part of a \n6 month \u2018Regional Retail Leadership Program\u2019. Her passion for leadership development is evident to help others.<\/div>\r\n                            <div class=\"item-rating\">\r\n                                <i class=\"fac fac-star\"><\/i>\r\n                                <i class=\"fac fac-star\"><\/i>\r\n                                <i class=\"fac fac-star\"><\/i>\r\n                                <i class=\"fac fac-star\"><\/i>\r\n                                <i class=\"fac fac-star\"><\/i>\r\n                            <\/div>\r\n                        <\/div>\r\n                   <\/div>\r\n                <\/div>\r\n                            <div class=\"grid-item col-xl-6 col-lg-6 col-md-6 col-sm-12 col-12\">\r\n                    <div class=\"item--inner wow fadeInUp\">\r\n                        <div class=\"item--holder\">\r\n                                                            <div class=\"item--image\">\r\n                                                                        <div class=\"item--social\">\r\n                                                                                        <a href=\"\"><i class=\"fa fa-twitter-square\"><\/i><\/a>\r\n                                                                                <\/div>\r\n                                <\/div>\r\n                                                        <div class=\"item--meta\">\r\n                                <h3 class=\"item--title\">    \r\n                                    Brad Smith                                <\/h3>\r\n                                <div class=\"item--position\">SEO Manager<\/div>\r\n                            <\/div>\r\n                        <\/div>\r\n                        <div class=\"item--content\">\r\n                            <div class=\"item-icon\">\u201c<\/div>\r\n                            <div class=\"item--description\">I had the pleasure of working with Consultio as part of a \n6 month \u2018Regional Retail Leadership Program\u2019. Her passion for leadership development is evident to help others.<\/div>\r\n                            <div class=\"item-rating\">\r\n                                <i class=\"fac fac-star\"><\/i>\r\n                                <i class=\"fac fac-star\"><\/i>\r\n                                <i class=\"fac fac-star\"><\/i>\r\n                                <i class=\"fac fac-star\"><\/i>\r\n                                <i class=\"fac fac-star\"><\/i>\r\n                            <\/div>\r\n                        <\/div>\r\n                   <\/div>\r\n                <\/div>\r\n                        <div class=\"grid-sizer col-xl-6 col-lg-6 col-md-6 col-sm-12 col-12\"><\/div>\r\n        <\/div>\r\n    <\/div>\r\n\t\t\t\t<\/div>\n\t\t\t\t<\/div>\n\t\t\t\t<div class=\"elementor-element elementor-element-27a621ab elementor-align-center elementor-widget elementor-widget-ct_button\" data-id=\"27a621ab\" data-element_type=\"widget\" data-widget_type=\"ct_button.default\">\n\t\t\t\t<div class=\"elementor-widget-container\">\n\t\t\t\t\t<div id=\"ct_button-27a621ab\" class=\"ct-button-wrapper ct-button-layout1 icon- btn--inline \">\r\n    <div class=\"ct-inline-css\"  data-css=\"\r\n        \">\r\n    <\/div>\r\n            <span class=\"ct-icon-active\"><\/span>\r\n        <a href=\"https:\/\/demo.casethemes.net\/consultio\/testimonials\/\" class=\"btn btn-default icon-active btn-inline-block wow fadeInUp \" data-wow-delay=\"ms\">\r\n                            <span class=\"ct-button-icon ct-align-icon-\">\r\n                            <\/span>\r\n                <span class=\"ct-button-text\">View more <\/span>\r\n    <\/a>\r\n<\/div>\t\t\t\t<\/div>\n\t\t\t\t<\/div>\n\t\t            <\/div>\n        <\/div>\n                    <\/div>\n        <\/section>\n                <section class=\"elementor-section elementor-top-section elementor-element elementor-element-4a3a5553 elementor-section-boxed elementor-section-height-default elementor-section-height-default ct-header-fixed-none ct-row-max-none\" data-id=\"4a3a5553\" data-element_type=\"section\">\n            \n                        <div class=\"elementor-container elementor-column-gap-extended \">\n                    <div class=\"elementor-column elementor-col-100 elementor-top-column elementor-element elementor-element-34481d3e\" data-id=\"34481d3e\" data-element_type=\"column\">\n        <div class=\"elementor-widget-wrap elementor-element-populated\">\n                    \n        \t\t<div class=\"elementor-element elementor-element-10f93096 elementor-widget elementor-widget-ct_clients_list\" data-id=\"10f93096\" data-element_type=\"widget\" data-widget_type=\"ct_clients_list.default\">\n\t\t\t\t<div class=\"elementor-widget-container\">\n\t\t\t\t\t    <div class=\"ct-client1 ct-slick-slider style1\">\r\n        <div class=\"ct-clients-list-inner\">\r\n            <div class=\"ct-slick-carousel\" data-arrows=\"\" data-dots=\"\" data-pauseOnHover=\"\" data-autoplay=\"true\" data-autoplaySpeed=\"8000\" data-infinite=\"true\" data-speed=\"800\" data-colxs=\"2\" data-colsm=\"3\" data-colmd=\"4\" data-collg=\"4\" data-colxl=\"4\" data-dir=\"false\" data-slidesToScroll=\"1\">\r\n                                        <div class=\"slick-slide\">\r\n                            <div class=\"client-image \">\r\n                                <a href=\"#\">\r\n                                                                                                        <\/a>\r\n                            <\/div>\r\n                        <\/div>\r\n                                                            <div class=\"slick-slide\">\r\n                            <div class=\"client-image \">\r\n                                <a href=\"#\">\r\n                                                                                                        <\/a>\r\n                            <\/div>\r\n                        <\/div>\r\n                                                            <div class=\"slick-slide\">\r\n                            <div class=\"client-image \">\r\n                                <a href=\"#\">\r\n                                                                                                        <\/a>\r\n                            <\/div>\r\n                        <\/div>\r\n                                                            <div class=\"slick-slide\">\r\n                            <div class=\"client-image \">\r\n                                <a href=\"#\">\r\n                                                                                                        <\/a>\r\n                            <\/div>\r\n                        <\/div>\r\n                                                            <div class=\"slick-slide\">\r\n                            <div class=\"client-image \">\r\n                                <a href=\"#\">\r\n                                                                                                        <\/a>\r\n                            <\/div>\r\n                        <\/div>\r\n                                                <\/div>\r\n        <\/div>\r\n    <\/div>\r\n\t\t\t\t<\/div>\n\t\t\t\t<\/div>\n\t\t            <\/div>\n        <\/div>\n                    <\/div>\n        <\/section>\n        \t\t<\/div>\n\t\t","protected":false},"excerpt":{"rendered":"<p>Testimonial It\u2019s always a joy to hear that the work we do, has positively reviews. We have spent 9 years working for one of Australia\u2019s most recognised and successful retailers so we have many good review of works. Donald Johnson Executive Manager \u201c I had the pleasure of working with Consultio as part of a [&hellip;]<\/p>\n","protected":false},"author":1,"featured_media":0,"parent":0,"menu_order":0,"comment_status":"closed","ping_status":"closed","template":"","meta":{"footnotes":""},"class_list":["post-3502","page","type-page","status-publish","hentry"],"yoast_head":"<!-- This site is optimized with the Yoast SEO plugin v24.3 - https:\/\/yoast.com\/wordpress\/plugins\/seo\/ -->\r\n<title>Testimonials v.4 - I\u015eIK DEM\u0130R<\/title>\r\n<meta name=\"robots\" content=\"index, follow, max-snippet:-1, max-image-preview:large, max-video-preview:-1\" \/>\r\n<link rel=\"canonical\" href=\"https:\/\/isikdemir.com.tr\/index.php\/testimonials-v-4\/\" \/>\r\n<meta property=\"og:locale\" content=\"tr_TR\" \/>\r\n<meta property=\"og:type\" content=\"article\" \/>\r\n<meta property=\"og:title\" content=\"Testimonials v.4 - I\u015eIK DEM\u0130R\" \/>\r\n<meta property=\"og:description\" content=\"Testimonial It\u2019s always a joy to hear that the work we do, has positively reviews. We have spent 9 years working for one of Australia\u2019s most recognised and successful retailers so we have many good review of works. Donald Johnson Executive Manager \u201c I had the pleasure of working with Consultio as part of a [&hellip;]\" \/>\r\n<meta property=\"og:url\" content=\"https:\/\/isikdemir.com.tr\/index.php\/testimonials-v-4\/\" \/>\r\n<meta property=\"og:site_name\" content=\"I\u015eIK DEM\u0130R\" \/>\r\n<meta property=\"article:publisher\" content=\"https:\/\/www.facebook.com\/p\/Ik-Demir-100092820544779\/?locale=tr_TR\" \/>\r\n<meta property=\"og:image\" content=\"http:\/\/isikdemir.com.tr\/wp-content\/uploads\/2019\/12\/testimonial-07.jpg\" \/>\r\n<meta name=\"twitter:card\" content=\"summary_large_image\" \/>\r\n<meta name=\"twitter:label1\" content=\"Tahmini okuma s\u00fcresi\" \/>\n\t<meta name=\"twitter:data1\" content=\"1 dakika\" \/>\r\n<script type=\"application\/ld+json\" class=\"yoast-schema-graph\">{\"@context\":\"https:\/\/schema.org\",\"@graph\":[{\"@type\":\"WebPage\",\"@id\":\"https:\/\/isikdemir.com.tr\/index.php\/testimonials-v-4\/\",\"url\":\"https:\/\/isikdemir.com.tr\/index.php\/testimonials-v-4\/\",\"name\":\"Testimonials v.4 - I\u015eIK DEM\u0130R\",\"isPartOf\":{\"@id\":\"https:\/\/isikdemir.com.tr\/#website\"},\"primaryImageOfPage\":{\"@id\":\"https:\/\/isikdemir.com.tr\/index.php\/testimonials-v-4\/#primaryimage\"},\"image\":{\"@id\":\"https:\/\/isikdemir.com.tr\/index.php\/testimonials-v-4\/#primaryimage\"},\"thumbnailUrl\":\"http:\/\/isikdemir.com.tr\/wp-content\/uploads\/2019\/12\/testimonial-07.jpg\",\"datePublished\":\"2020-02-07T02:18:13+00:00\",\"dateModified\":\"2020-02-07T02:18:13+00:00\",\"breadcrumb\":{\"@id\":\"https:\/\/isikdemir.com.tr\/index.php\/testimonials-v-4\/#breadcrumb\"},\"inLanguage\":\"tr\",\"potentialAction\":[{\"@type\":\"ReadAction\",\"target\":[\"https:\/\/isikdemir.com.tr\/index.php\/testimonials-v-4\/\"]}]},{\"@type\":\"ImageObject\",\"inLanguage\":\"tr\",\"@id\":\"https:\/\/isikdemir.com.tr\/index.php\/testimonials-v-4\/#primaryimage\",\"url\":\"http:\/\/isikdemir.com.tr\/wp-content\/uploads\/2019\/12\/testimonial-07.jpg\",\"contentUrl\":\"http:\/\/isikdemir.com.tr\/wp-content\/uploads\/2019\/12\/testimonial-07.jpg\"},{\"@type\":\"BreadcrumbList\",\"@id\":\"https:\/\/isikdemir.com.tr\/index.php\/testimonials-v-4\/#breadcrumb\",\"itemListElement\":[{\"@type\":\"ListItem\",\"position\":1,\"name\":\"Anasayfa\",\"item\":\"https:\/\/isikdemir.com.tr\/\"},{\"@type\":\"ListItem\",\"position\":2,\"name\":\"Testimonials v.4\"}]},{\"@type\":\"WebSite\",\"@id\":\"https:\/\/isikdemir.com.tr\/#website\",\"url\":\"https:\/\/isikdemir.com.tr\/\",\"name\":\"I\u015eIK BORU PROF\u0130L\",\"description\":\"I\u015eIK BORU PROF\u0130L\",\"publisher\":{\"@id\":\"https:\/\/isikdemir.com.tr\/#organization\"},\"potentialAction\":[{\"@type\":\"SearchAction\",\"target\":{\"@type\":\"EntryPoint\",\"urlTemplate\":\"https:\/\/isikdemir.com.tr\/?s={search_term_string}\"},\"query-input\":{\"@type\":\"PropertyValueSpecification\",\"valueRequired\":true,\"valueName\":\"search_term_string\"}}],\"inLanguage\":\"tr\"},{\"@type\":\"Organization\",\"@id\":\"https:\/\/isikdemir.com.tr\/#organization\",\"name\":\"I\u015eIK BORU PROF\u0130L\",\"url\":\"https:\/\/isikdemir.com.tr\/\",\"logo\":{\"@type\":\"ImageObject\",\"inLanguage\":\"tr\",\"@id\":\"https:\/\/isikdemir.com.tr\/#\/schema\/logo\/image\/\",\"url\":\"https:\/\/isikdemir.com.tr\/wp-content\/uploads\/2020\/02\/logo.png\",\"contentUrl\":\"https:\/\/isikdemir.com.tr\/wp-content\/uploads\/2020\/02\/logo.png\",\"width\":300,\"height\":57,\"caption\":\"I\u015eIK BORU PROF\u0130L\"},\"image\":{\"@id\":\"https:\/\/isikdemir.com.tr\/#\/schema\/logo\/image\/\"},\"sameAs\":[\"https:\/\/www.facebook.com\/p\/Ik-Demir-100092820544779\/?locale=tr_TR\"]}]}<\/script>\r\n<!-- \/ Yoast SEO plugin. -->","yoast_head_json":{"title":"Testimonials v.4 - I\u015eIK DEM\u0130R","robots":{"index":"index","follow":"follow","max-snippet":"max-snippet:-1","max-image-preview":"max-image-preview:large","max-video-preview":"max-video-preview:-1"},"canonical":"https:\/\/isikdemir.com.tr\/index.php\/testimonials-v-4\/","og_locale":"tr_TR","og_type":"article","og_title":"Testimonials v.4 - I\u015eIK DEM\u0130R","og_description":"Testimonial It\u2019s always a joy to hear that the work we do, has positively reviews. We have spent 9 years working for one of Australia\u2019s most recognised and successful retailers so we have many good review of works. Donald Johnson Executive Manager \u201c I had the pleasure of working with Consultio as part of a [&hellip;]","og_url":"https:\/\/isikdemir.com.tr\/index.php\/testimonials-v-4\/","og_site_name":"I\u015eIK DEM\u0130R","article_publisher":"https:\/\/www.facebook.com\/p\/Ik-Demir-100092820544779\/?locale=tr_TR","og_image":[{"url":"http:\/\/isikdemir.com.tr\/wp-content\/uploads\/2019\/12\/testimonial-07.jpg","type":"","width":"","height":""}],"twitter_card":"summary_large_image","twitter_misc":{"Tahmini okuma s\u00fcresi":"1 dakika"},"schema":{"@context":"https:\/\/schema.org","@graph":[{"@type":"WebPage","@id":"https:\/\/isikdemir.com.tr\/index.php\/testimonials-v-4\/","url":"https:\/\/isikdemir.com.tr\/index.php\/testimonials-v-4\/","name":"Testimonials v.4 - I\u015eIK DEM\u0130R","isPartOf":{"@id":"https:\/\/isikdemir.com.tr\/#website"},"primaryImageOfPage":{"@id":"https:\/\/isikdemir.com.tr\/index.php\/testimonials-v-4\/#primaryimage"},"image":{"@id":"https:\/\/isikdemir.com.tr\/index.php\/testimonials-v-4\/#primaryimage"},"thumbnailUrl":"http:\/\/isikdemir.com.tr\/wp-content\/uploads\/2019\/12\/testimonial-07.jpg","datePublished":"2020-02-07T02:18:13+00:00","dateModified":"2020-02-07T02:18:13+00:00","breadcrumb":{"@id":"https:\/\/isikdemir.com.tr\/index.php\/testimonials-v-4\/#breadcrumb"},"inLanguage":"tr","potentialAction":[{"@type":"ReadAction","target":["https:\/\/isikdemir.com.tr\/index.php\/testimonials-v-4\/"]}]},{"@type":"ImageObject","inLanguage":"tr","@id":"https:\/\/isikdemir.com.tr\/index.php\/testimonials-v-4\/#primaryimage","url":"http:\/\/isikdemir.com.tr\/wp-content\/uploads\/2019\/12\/testimonial-07.jpg","contentUrl":"http:\/\/isikdemir.com.tr\/wp-content\/uploads\/2019\/12\/testimonial-07.jpg"},{"@type":"BreadcrumbList","@id":"https:\/\/isikdemir.com.tr\/index.php\/testimonials-v-4\/#breadcrumb","itemListElement":[{"@type":"ListItem","position":1,"name":"Anasayfa","item":"https:\/\/isikdemir.com.tr\/"},{"@type":"ListItem","position":2,"name":"Testimonials v.4"}]},{"@type":"WebSite","@id":"https:\/\/isikdemir.com.tr\/#website","url":"https:\/\/isikdemir.com.tr\/","name":"I\u015eIK BORU PROF\u0130L","description":"I\u015eIK BORU PROF\u0130L","publisher":{"@id":"https:\/\/isikdemir.com.tr\/#organization"},"potentialAction":[{"@type":"SearchAction","target":{"@type":"EntryPoint","urlTemplate":"https:\/\/isikdemir.com.tr\/?s={search_term_string}"},"query-input":{"@type":"PropertyValueSpecification","valueRequired":true,"valueName":"search_term_string"}}],"inLanguage":"tr"},{"@type":"Organization","@id":"https:\/\/isikdemir.com.tr\/#organization","name":"I\u015eIK BORU PROF\u0130L","url":"https:\/\/isikdemir.com.tr\/","logo":{"@type":"ImageObject","inLanguage":"tr","@id":"https:\/\/isikdemir.com.tr\/#\/schema\/logo\/image\/","url":"https:\/\/isikdemir.com.tr\/wp-content\/uploads\/2020\/02\/logo.png","contentUrl":"https:\/\/isikdemir.com.tr\/wp-content\/uploads\/2020\/02\/logo.png","width":300,"height":57,"caption":"I\u015eIK BORU PROF\u0130L"},"image":{"@id":"https:\/\/isikdemir.com.tr\/#\/schema\/logo\/image\/"},"sameAs":["https:\/\/www.facebook.com\/p\/Ik-Demir-100092820544779\/?locale=tr_TR"]}]}},"_links":{"self":[{"href":"https:\/\/isikdemir.com.tr\/index.php\/wp-json\/wp\/v2\/pages\/3502","targetHints":{"allow":["GET"]}}],"collection":[{"href":"https:\/\/isikdemir.com.tr\/index.php\/wp-json\/wp\/v2\/pages"}],"about":[{"href":"https:\/\/isikdemir.com.tr\/index.php\/wp-json\/wp\/v2\/types\/page"}],"author":[{"embeddable":true,"href":"https:\/\/isikdemir.com.tr\/index.php\/wp-json\/wp\/v2\/users\/1"}],"replies":[{"embeddable":true,"href":"https:\/\/isikdemir.com.tr\/index.php\/wp-json\/wp\/v2\/comments?post=3502"}],"version-history":[{"count":0,"href":"https:\/\/isikdemir.com.tr\/index.php\/wp-json\/wp\/v2\/pages\/3502\/revisions"}],"wp:attachment":[{"href":"https:\/\/isikdemir.com.tr\/index.php\/wp-json\/wp\/v2\/media?parent=3502"}],"curies":[{"name":"wp","href":"https:\/\/api.w.org\/{rel}","templated":true}]}}